Last updated on 2025-11-03 21:50:38 CET.
| Flavor | Version | Tinstall | Tcheck | Ttotal | Status | Flags | 
|---|---|---|---|---|---|---|
| r-devel-linux-x86_64-debian-clang | 1.1-7 | 3.02 | 22.72 | 25.74 | OK | |
| r-devel-linux-x86_64-debian-gcc | 1.1-7 | 2.53 | 18.86 | 21.39 | OK | |
| r-devel-linux-x86_64-fedora-clang | 1.1-7 | 37.93 | NOTE | |||
| r-devel-linux-x86_64-fedora-gcc | 1.1-7 | 36.75 | NOTE | |||
| r-devel-windows-x86_64 | 1.1-7 | 5.00 | 45.00 | 50.00 | OK | |
| r-patched-linux-x86_64 | 1.1-7 | 3.27 | 21.75 | 25.02 | OK | |
| r-release-linux-x86_64 | 1.1-7 | 3.10 | 21.84 | 24.94 | OK | |
| r-release-macos-arm64 | 1.1-7 | 3.00 | 17.00 | 20.00 | OK | |
| r-release-macos-x86_64 | 1.1-7 | 5.00 | 32.00 | 37.00 | OK | |
| r-release-windows-x86_64 | 1.1-7 | 6.00 | 44.00 | 50.00 | OK | |
| r-oldrel-macos-arm64 | 1.1-7 | 3.00 | 15.00 | 18.00 | OK | |
| r-oldrel-macos-x86_64 | 1.1-7 | 7.00 | 30.00 | 37.00 | OK | |
| r-oldrel-windows-x86_64 | 1.1-7 | 7.00 | 47.00 | 54.00 | OK | 
Version: 1.1-7
Check: compiled code
Result: NOTE
  File ‘sparseSVM/libs/sparseSVM.so’:
    Found no call to: ‘R_useDynamicSymbols’
  
  It is good practice to register native routines and to disable symbol
  search.
  
  See ‘Writing portable packages’ in the ‘Writing R Extensions’ manual.
Flavors: r-devel-linux-x86_64-fedora-clang, r-devel-linux-x86_64-fedora-gcc