CRAN Package Check Results for Package sparseBC

Last updated on 2025-05-06 20:50:54 CEST.

Flavor Version Tinstall Tcheck Ttotal Status Flags
r-devel-linux-x86_64-debian-clang 1.2 5.48 46.58 52.06 NOTE
r-devel-linux-x86_64-debian-gcc 1.2 4.15 33.51 37.66 NOTE
r-devel-linux-x86_64-fedora-clang 1.2 79.26 OK
r-devel-linux-x86_64-fedora-gcc 1.2 75.58 OK
r-devel-windows-x86_64 1.2 6.00 61.00 67.00 OK
r-patched-linux-x86_64 1.2 5.39 44.09 49.48 OK
r-release-linux-x86_64 1.2 5.49 43.56 49.05 OK
r-release-macos-arm64 1.2 32.00 OK
r-release-macos-x86_64 1.2 44.00 OK
r-release-windows-x86_64 1.2 6.00 61.00 67.00 OK
r-oldrel-macos-arm64 1.2 27.00 OK
r-oldrel-macos-x86_64 1.2 40.00 OK
r-oldrel-windows-x86_64 1.2 8.00 69.00 77.00 OK

Check Details

Version: 1.2
Check: CRAN incoming feasibility
Result: NOTE Maintainer: ‘Kean Ming Tan <keanming@u.washington.edu>’ No Authors@R field in DESCRIPTION. Please add one, modifying Authors@R: person(given = c("Kean", "Ming"), family = "Tan", role = c("aut", "cre"), email = "keanming@u.washington.edu") as necessary. File 'R/sparseBC-internal.R' sets .Random.seed. This is usually neither needed nor wanted. Flavors: r-devel-linux-x86_64-debian-clang, r-devel-linux-x86_64-debian-gcc