Last updated on 2023-01-27 20:49:24 CET.
Flavor | Version | Tinstall | Tcheck | Ttotal | Status | Flags |
---|---|---|---|---|---|---|
r-devel-linux-x86_64-debian-clang | 2.2-17 | 15.04 | 136.51 | 151.55 | OK | |
r-devel-linux-x86_64-debian-gcc | 2.2-17 | 14.17 | 102.41 | 116.58 | OK | |
r-devel-linux-x86_64-fedora-clang | 2.2-17 | 191.83 | NOTE | |||
r-devel-linux-x86_64-fedora-gcc | 2.2-17 | 187.45 | OK | |||
r-patched-linux-x86_64 | 2.2-17 | 27.72 | 137.93 | 165.65 | OK | |
r-release-linux-x86_64 | 2.2-17 | 14.28 | 138.01 | 152.29 | OK | |
r-release-macos-arm64 | 2.2-17 | 89.00 | OK | |||
r-release-macos-x86_64 | 2.2-17 | 118.00 | OK | |||
r-release-windows-x86_64 | 2.2-17 | 42.00 | 168.00 | 210.00 | OK | |
r-oldrel-macos-arm64 | 2.2-17 | 80.00 | OK | |||
r-oldrel-macos-x86_64 | 2.2-17 | 121.00 | OK | |||
r-oldrel-windows-ix86+x86_64 | 2.2-17 | 32.00 | 156.00 | 188.00 | OK |
Version: 2.2-17
Check: Rd cross-references
Result: NOTE
Undeclared packages ‘splancs’, ‘spatstat.data’ in Rd xrefs
Flavor: r-devel-linux-x86_64-fedora-clang