Last updated on 2024-03-28 19:48:46 CET.
Flavor | Version | Tinstall | Tcheck | Ttotal | Status | Flags |
---|---|---|---|---|---|---|
r-devel-linux-x86_64-debian-clang | 2.3-10 | 21.74 | 149.00 | 170.74 | OK | |
r-devel-linux-x86_64-debian-gcc | 2.3-10 | 16.14 | 106.97 | 123.11 | OK | |
r-devel-linux-x86_64-fedora-clang | 2.3-10 | 214.27 | NOTE | |||
r-devel-linux-x86_64-fedora-gcc | 2.3-10 | 199.12 | OK | |||
r-devel-windows-x86_64 | 2.3-10 | 15.00 | 116.00 | 131.00 | OK | |
r-patched-linux-x86_64 | 2.3-10 | 23.44 | 139.30 | 162.74 | OK | |
r-release-linux-x86_64 | 2.3-10 | 12.82 | 132.51 | 145.33 | OK | |
r-release-macos-arm64 | 2.3-10 | 59.00 | OK | |||
r-release-macos-x86_64 | 2.3-10 | 108.00 | NOTE | |||
r-release-windows-x86_64 | 2.3-10 | 20.00 | 139.00 | 159.00 | OK | |
r-oldrel-macos-arm64 | 2.3-10 | 55.00 | OK | |||
r-oldrel-windows-x86_64 | 2.3-10 | 20.00 | 142.00 | 162.00 | OK |
Version: 2.3-10
Check: Rd cross-references
Result: NOTE
Undeclared packages ‘splancs’, ‘spatstat.data’ in Rd xrefs
Flavor: r-devel-linux-x86_64-fedora-clang
Version: 2.3-10
Check: package dependencies
Result: NOTE
Package suggested but not available for checking: ‘fftwtools’
Flavor: r-release-macos-x86_64