Last updated on 2023-11-28 20:48:41 CET.
Flavor | Version | Tinstall | Tcheck | Ttotal | Status | Flags |
---|---|---|---|---|---|---|
r-devel-linux-x86_64-debian-clang | 0.0.4 | 7.12 | 69.22 | 76.34 | NOTE | |
r-devel-linux-x86_64-debian-gcc | 0.0.4 | 5.59 | 49.15 | 54.74 | NOTE | |
r-devel-linux-x86_64-fedora-clang | 0.0.4 | 94.56 | OK | |||
r-devel-linux-x86_64-fedora-gcc | 0.0.4 | 88.73 | OK | |||
r-devel-windows-x86_64 | 0.0.4 | 7.00 | 68.00 | 75.00 | OK | |
r-patched-linux-x86_64 | 0.0.4 | 7.44 | 62.54 | 69.98 | OK | |
r-release-linux-x86_64 | 0.0.4 | 4.66 | 62.92 | 67.58 | OK | |
r-release-macos-arm64 | 0.0.4 | 29.00 | OK | |||
r-release-macos-x86_64 | 0.0.4 | 55.00 | OK | |||
r-release-windows-x86_64 | 0.0.4 | 10.00 | 74.00 | 84.00 | OK | |
r-oldrel-macos-arm64 | 0.0.4 | 25.00 | OK | |||
r-oldrel-macos-x86_64 | 0.0.4 | 40.00 | OK | |||
r-oldrel-windows-x86_64 | 0.0.4 | 10.00 | 81.00 | 91.00 | OK |
Version: 0.0.4
Check: Rd files
Result: NOTE
checkRd: (-1) sdf_unnest.Rd:20: Lost braces
20 | \code{a1, a2, a3}, then code{sdf_explode(df, a)} will produce output with each record replicated
| ^
Flavors: r-devel-linux-x86_64-debian-clang, r-devel-linux-x86_64-debian-gcc