CRAN Package Check Results for Package sparkhail

Last updated on 2024-03-03 19:56:36 CET.

Flavor Version Tinstall Tcheck Ttotal Status Flags
r-devel-linux-x86_64-debian-clang 0.1.1 7.07 66.14 73.21 NOTE
r-devel-linux-x86_64-debian-gcc 0.1.1 6.51 49.30 55.81 NOTE
r-devel-linux-x86_64-fedora-clang 0.1.1 94.57 NOTE
r-devel-linux-x86_64-fedora-gcc 0.1.1 86.81 NOTE
r-devel-windows-x86_64 0.1.1 8.00 67.00 75.00 NOTE
r-patched-linux-x86_64 0.1.1 4.50 63.71 68.21 NOTE
r-release-linux-x86_64 0.1.1 5.08 63.81 68.89 NOTE
r-release-macos-arm64 0.1.1 35.00 NOTE
r-release-macos-x86_64 0.1.1 51.00 NOTE
r-release-windows-x86_64 0.1.1 10.00 75.00 85.00 NOTE
r-oldrel-macos-arm64 0.1.1 29.00 NOTE
r-oldrel-windows-x86_64 0.1.1 10.00 79.00 89.00 NOTE

Check Details

Version: 0.1.1
Check: LazyData
Result: NOTE 'LazyData' is specified without a 'data' directory Flavors: r-devel-linux-x86_64-debian-clang, r-devel-linux-x86_64-debian-gcc, r-devel-linux-x86_64-fedora-clang, r-devel-linux-x86_64-fedora-gcc, r-devel-windows-x86_64, r-patched-linux-x86_64, r-release-linux-x86_64, r-release-macos-arm64, r-release-macos-x86_64, r-release-windows-x86_64, r-oldrel-macos-arm64, r-oldrel-windows-x86_64