Last updated on 2025-11-22 19:50:43 CET.
| Flavor | Version | Tinstall | Tcheck | Ttotal | Status | Flags |
|---|---|---|---|---|---|---|
| r-devel-linux-x86_64-debian-clang | 0.3.0 | 6.10 | 55.37 | 61.47 | NOTE | |
| r-devel-linux-x86_64-debian-gcc | 0.3.0 | 4.38 | 38.85 | 43.23 | NOTE | |
| r-devel-linux-x86_64-fedora-clang | 0.3.0 | 40.00 | 60.01 | 100.01 | OK | |
| r-devel-linux-x86_64-fedora-gcc | 0.3.0 | 34.00 | 58.51 | 92.51 | OK | |
| r-devel-windows-x86_64 | 0.3.0 | 8.00 | 70.00 | 78.00 | OK | |
| r-patched-linux-x86_64 | 0.3.0 | 4.91 | 52.07 | 56.98 | OK | |
| r-release-linux-x86_64 | 0.3.0 | 5.87 | 50.67 | 56.54 | OK | |
| r-release-macos-arm64 | 0.3.0 | OK | ||||
| r-release-macos-x86_64 | 0.3.0 | 5.00 | 58.00 | 63.00 | OK | |
| r-release-windows-x86_64 | 0.3.0 | 7.00 | 77.00 | 84.00 | OK | |
| r-oldrel-macos-arm64 | 0.3.0 | NOTE | ||||
| r-oldrel-macos-x86_64 | 0.3.0 | 4.00 | 38.00 | 42.00 | NOTE | |
| r-oldrel-windows-x86_64 | 0.3.0 | 10.00 | 79.00 | 89.00 | NOTE |
Version: 0.3.0
Check: CRAN incoming feasibility
Result: NOTE
Maintainer: ‘Aki Ariga <chezou@gmail.com>’
No Authors@R field in DESCRIPTION.
Please add one, modifying
Authors@R: person(given = "Aki",
family = "Ariga",
role = c("aut", "cre"),
email = "chezou@gmail.com")
as necessary.
The BugReports field in DESCRIPTION has
https://github.com/chezou/sparkavro
which should likely be
https://github.com/chezou/sparkavro/issues
instead.
Flavors: r-devel-linux-x86_64-debian-clang, r-devel-linux-x86_64-debian-gcc
Version: 0.3.0
Check: LazyData
Result: NOTE
'LazyData' is specified without a 'data' directory
Flavors: r-oldrel-macos-arm64, r-oldrel-macos-x86_64, r-oldrel-windows-x86_64