CRAN Package Check Results for Package sparkavro

Last updated on 2025-05-06 20:50:54 CEST.

Flavor Version Tinstall Tcheck Ttotal Status Flags
r-devel-linux-x86_64-debian-clang 0.3.0 5.07 52.52 57.59 NOTE
r-devel-linux-x86_64-debian-gcc 0.3.0 4.37 38.27 42.64 NOTE
r-devel-linux-x86_64-fedora-clang 0.3.0 93.75 OK
r-devel-linux-x86_64-fedora-gcc 0.3.0 85.58 OK
r-devel-windows-x86_64 0.3.0 8.00 71.00 79.00 OK
r-patched-linux-x86_64 0.3.0 6.18 49.32 55.50 OK
r-release-linux-x86_64 0.3.0 4.18 50.32 54.50 OK
r-release-macos-arm64 0.3.0 30.00 OK
r-release-macos-x86_64 0.3.0 63.00 OK
r-release-windows-x86_64 0.3.0 8.00 70.00 78.00 OK
r-oldrel-macos-arm64 0.3.0 29.00 NOTE
r-oldrel-macos-x86_64 0.3.0 42.00 NOTE
r-oldrel-windows-x86_64 0.3.0 10.00 81.00 91.00 NOTE

Check Details

Version: 0.3.0
Check: CRAN incoming feasibility
Result: NOTE Maintainer: ‘Aki Ariga <chezou@gmail.com>’ No Authors@R field in DESCRIPTION. Please add one, modifying Authors@R: person(given = "Aki", family = "Ariga", role = c("aut", "cre"), email = "chezou@gmail.com") as necessary. The BugReports field in DESCRIPTION has https://github.com/chezou/sparkavro which should likely be https://github.com/chezou/sparkavro/issues instead. Flavors: r-devel-linux-x86_64-debian-clang, r-devel-linux-x86_64-debian-gcc

Version: 0.3.0
Check: LazyData
Result: NOTE 'LazyData' is specified without a 'data' directory Flavors: r-oldrel-macos-arm64, r-oldrel-macos-x86_64, r-oldrel-windows-x86_64