Last updated on 2023-10-04 20:42:40 CEST.
Flavor | Version | Tinstall | Tcheck | Ttotal | Status | Flags |
---|---|---|---|---|---|---|
r-devel-linux-x86_64-debian-clang | 1.2-1 | 3.18 | 49.43 | 52.61 | NOTE | |
r-devel-linux-x86_64-debian-gcc | 1.2-1 | 3.80 | 38.27 | 42.07 | NOTE | |
r-devel-linux-x86_64-fedora-clang | 1.2-1 | 69.05 | NOTE | |||
r-devel-linux-x86_64-fedora-gcc | 1.2-1 | 79.07 | NOTE | |||
r-devel-windows-x86_64 | 1.2-1 | 5.00 | 79.00 | 84.00 | NOTE | |
r-patched-linux-x86_64 | 1.2-1 | 5.03 | 49.09 | 54.12 | OK | |
r-release-linux-x86_64 | 1.2-1 | 4.46 | 49.08 | 53.54 | OK | |
r-release-macos-arm64 | 1.2-1 | 32.00 | OK | |||
r-release-macos-x86_64 | 1.2-1 | 49.00 | OK | |||
r-release-windows-x86_64 | 1.2-1 | 10.00 | 78.00 | 88.00 | OK | |
r-oldrel-macos-arm64 | 1.2-1 | 26.00 | OK | |||
r-oldrel-macos-x86_64 | 1.2-1 | 38.00 | OK | |||
r-oldrel-windows-x86_64 | 1.2-1 | 8.00 | 80.00 | 88.00 | OK |
Version: 1.2-1
Check: package namespace information
Result: NOTE
Found export directive that requires package ‘methods’:
‘exportClasses’
Remove all such namespace directives (if obsolete) or ensure that the
DESCRIPTION Depends or Imports field contains ‘methods’.
Flavors: r-devel-linux-x86_64-debian-clang, r-devel-linux-x86_64-debian-gcc, r-devel-linux-x86_64-fedora-clang, r-devel-linux-x86_64-fedora-gcc, r-devel-windows-x86_64