CRAN Package Check Results for Package spNetwork

Last updated on 2023-01-31 20:53:11 CET.

Flavor Version Tinstall Tcheck Ttotal Status Flags
r-devel-linux-x86_64-debian-clang 0.4.3.6 246.64 406.58 653.22 NOTE
r-devel-linux-x86_64-debian-gcc 0.4.3.6 200.26 290.46 490.72 NOTE
r-devel-linux-x86_64-fedora-clang 0.4.3.6 849.00 NOTE
r-devel-linux-x86_64-fedora-gcc 0.4.3.6 870.72 NOTE
r-devel-windows-x86_64 0.4.3.6 587.00 546.00 1133.00 NOTE
r-patched-linux-x86_64 0.4.3.6 216.34 362.93 579.27 OK
r-release-linux-x86_64 0.4.3.6 211.47 312.06 523.53 OK
r-release-macos-arm64 0.4.3.6 219.00 NOTE
r-release-macos-x86_64 0.4.3.6 241.00 NOTE
r-release-windows-x86_64 0.4.3.6 692.00 458.00 1150.00 NOTE
r-oldrel-macos-arm64 0.4.3.6 236.00 NOTE
r-oldrel-macos-x86_64 0.4.3.6 273.00 NOTE
r-oldrel-windows-ix86+x86_64 0.4.3.6 585.00 677.00 1262.00 NOTE

Check Details

Version: 0.4.3.6
Check: C++ specification
Result: NOTE
     Specified C++14: please update to current default of C++17
Flavors: r-devel-linux-x86_64-debian-clang, r-devel-linux-x86_64-debian-gcc, r-devel-linux-x86_64-fedora-clang, r-devel-linux-x86_64-fedora-gcc, r-devel-windows-x86_64

Version: 0.4.3.6
Check: installed package size
Result: NOTE
     installed size is 6.1Mb
     sub-directories of 1Mb or more:
     doc 1.1Mb
     extdata 2.6Mb
Flavors: r-devel-linux-x86_64-fedora-clang, r-devel-windows-x86_64, r-release-macos-arm64, r-release-macos-x86_64, r-release-windows-x86_64, r-oldrel-macos-arm64, r-oldrel-macos-x86_64, r-oldrel-windows-ix86+x86_64