CRAN Package Check Results for Package spDates

Last updated on 2024-02-25 19:50:12 CET.

Flavor Version Tinstall Tcheck Ttotal Status Flags
r-devel-linux-x86_64-debian-clang 1.1 14.74 135.50 150.24 OK
r-devel-linux-x86_64-debian-gcc 1.1 10.03 99.69 109.72 OK
r-devel-linux-x86_64-fedora-clang 1.1 181.52 NOTE
r-devel-linux-x86_64-fedora-gcc 1.1 174.85 NOTE
r-devel-windows-x86_64 1.1 14.00 109.00 123.00 NOTE
r-patched-linux-x86_64 1.1 12.00 128.42 140.42 OK
r-release-linux-x86_64 1.1 10.74 128.13 138.87 OK
r-release-macos-arm64 1.1 59.00 NOTE
r-release-macos-x86_64 1.1 92.00 NOTE
r-release-windows-x86_64 1.1 19.00 135.00 154.00 NOTE
r-oldrel-macos-arm64 1.1 56.00 NOTE
r-oldrel-windows-x86_64 1.1 19.00 138.00 157.00 NOTE

Check Details

Version: 1.1
Check: installed package size
Result: NOTE installed size is 5.7Mb sub-directories of 1Mb or more: data 4.1Mb help 1.6Mb Flavors: r-devel-linux-x86_64-fedora-clang, r-devel-windows-x86_64, r-release-macos-arm64, r-release-macos-x86_64, r-release-windows-x86_64, r-oldrel-macos-arm64, r-oldrel-windows-x86_64

Version: 1.1
Check: data for non-ASCII characters
Result: NOTE Note: found 34 marked UTF-8 strings Flavors: r-devel-linux-x86_64-fedora-clang, r-devel-linux-x86_64-fedora-gcc, r-oldrel-macos-arm64