Last updated on 2024-07-17 20:57:12 CEST.
Flavor | Version | Tinstall | Tcheck | Ttotal | Status | Flags |
---|---|---|---|---|---|---|
r-devel-linux-x86_64-debian-clang | 2.3.1 | 5.82 | 48.52 | 54.34 | NOTE | |
r-devel-linux-x86_64-debian-gcc | 2.3.1 | 3.78 | 36.87 | 40.65 | NOTE | |
r-devel-linux-x86_64-fedora-clang | 2.3.1 | 68.26 | NOTE | |||
r-devel-linux-x86_64-fedora-gcc | 2.3.1 | 68.16 | NOTE | |||
r-devel-windows-x86_64 | 2.3.1 | 7.00 | 71.00 | 78.00 | NOTE | |
r-patched-linux-x86_64 | 2.3.1 | 5.73 | 47.00 | 52.73 | NOTE | |
r-release-linux-x86_64 | 2.3.1 | 5.16 | 47.40 | 52.56 | NOTE | |
r-release-macos-arm64 | 2.3.1 | 25.00 | NOTE | |||
r-release-macos-x86_64 | 2.3.1 | 44.00 | NOTE | |||
r-release-windows-x86_64 | 2.3.1 | 8.00 | 73.00 | 81.00 | NOTE | |
r-oldrel-macos-arm64 | 2.3.1 | 31.00 | NOTE | |||
r-oldrel-macos-x86_64 | 2.3.1 | 63.00 | NOTE | |||
r-oldrel-windows-x86_64 | 2.3.1 | 8.00 | 77.00 | 85.00 | NOTE |
Version: 2.3.1
Check: package dependencies
Result: NOTE
Package suggested but not available for checking: ‘spDataLarge’
Flavors: r-devel-linux-x86_64-debian-clang, r-devel-linux-x86_64-debian-gcc, r-devel-linux-x86_64-fedora-clang, r-devel-linux-x86_64-fedora-gcc, r-devel-windows-x86_64, r-patched-linux-x86_64, r-release-linux-x86_64, r-release-macos-arm64, r-release-macos-x86_64, r-release-windows-x86_64, r-oldrel-macos-arm64, r-oldrel-macos-x86_64, r-oldrel-windows-x86_64
Version: 2.3.1
Check: installed package size
Result: NOTE
installed size is 7.7Mb
sub-directories of 1Mb or more:
data 2.5Mb
shapes 4.4Mb
Flavors: r-devel-linux-x86_64-fedora-clang, r-devel-windows-x86_64, r-release-macos-arm64, r-release-macos-x86_64, r-release-windows-x86_64, r-oldrel-macos-arm64, r-oldrel-macos-x86_64, r-oldrel-windows-x86_64
Version: 2.3.1
Check: data for non-ASCII characters
Result: NOTE
Note: found 56 marked UTF-8 strings
Flavors: r-devel-linux-x86_64-fedora-clang, r-devel-linux-x86_64-fedora-gcc