Last updated on 2021-04-15 14:50:33 CEST.
Flavor | Version | Tinstall | Tcheck | Ttotal | Status | Flags |
---|---|---|---|---|---|---|
r-devel-linux-x86_64-debian-clang | 0.3.8 | 8.28 | 94.96 | 103.24 | NOTE | |
r-devel-linux-x86_64-debian-gcc | 0.3.8 | 8.16 | 73.43 | 81.59 | NOTE | |
r-devel-linux-x86_64-fedora-clang | 0.3.8 | 134.41 | NOTE | |||
r-devel-linux-x86_64-fedora-gcc | 0.3.8 | 124.09 | NOTE | |||
r-devel-windows-ix86+x86_64 | 0.3.8 | 22.00 | 107.00 | 129.00 | NOTE | |
r-devel-windows-x86_64-gcc10-UCRT | 0.3.8 | NOTE | ||||
r-patched-linux-x86_64 | 0.3.8 | 9.85 | 91.24 | 101.09 | NOTE | |
r-patched-solaris-x86 | 0.3.8 | 188.40 | NOTE | |||
r-release-linux-x86_64 | 0.3.8 | 10.99 | 88.78 | 99.77 | NOTE | |
r-release-macos-x86_64 | 0.3.8 | NOTE | ||||
r-release-windows-ix86+x86_64 | 0.3.8 | 22.00 | 125.00 | 147.00 | NOTE | |
r-oldrel-macos-x86_64 | 0.3.8 | NOTE | ||||
r-oldrel-windows-ix86+x86_64 | 0.3.8 | 19.00 | 93.00 | 112.00 | NOTE |
Version: 0.3.8
Check: package dependencies
Result: NOTE
Package suggested but not available for checking: 'spDataLarge'
Flavors: r-devel-linux-x86_64-debian-clang, r-devel-linux-x86_64-debian-gcc, r-devel-linux-x86_64-fedora-clang, r-devel-linux-x86_64-fedora-gcc, r-devel-windows-ix86+x86_64, r-devel-windows-x86_64-gcc10-UCRT, r-patched-linux-x86_64, r-patched-solaris-x86, r-release-linux-x86_64, r-release-macos-x86_64, r-release-windows-ix86+x86_64, r-oldrel-macos-x86_64, r-oldrel-windows-ix86+x86_64
Version: 0.3.8
Check: installed package size
Result: NOTE
installed size is 6.5Mb
sub-directories of 1Mb or more:
data 2.6Mb
shapes 3.2Mb
Flavors: r-devel-linux-x86_64-fedora-clang, r-devel-windows-ix86+x86_64, r-patched-solaris-x86, r-release-macos-x86_64, r-release-windows-ix86+x86_64, r-oldrel-macos-x86_64, r-oldrel-windows-ix86+x86_64
Version: 0.3.8
Check: data for non-ASCII characters
Result: NOTE
Note: found 56 marked UTF-8 strings
Flavors: r-devel-linux-x86_64-fedora-clang, r-devel-linux-x86_64-fedora-gcc, r-devel-windows-x86_64-gcc10-UCRT, r-patched-solaris-x86, r-release-macos-x86_64, r-oldrel-macos-x86_64