CRAN Package Check Results for Package soundClass

Last updated on 2022-09-24 21:51:14 CEST.

Flavor Version Tinstall Tcheck Ttotal Status Flags
r-devel-linux-x86_64-debian-clang 0.0.9.2 8.96 70.42 79.38 OK
r-devel-linux-x86_64-debian-gcc 0.0.9.2 4.52 52.86 57.38 OK
r-devel-linux-x86_64-fedora-clang 0.0.9.2 105.15 NOTE
r-devel-linux-x86_64-fedora-gcc 0.0.9.2 99.86 NOTE
r-devel-windows-x86_64 0.0.9.2 12.00 95.00 107.00 OK
r-patched-linux-x86_64 0.0.9.2 7.17 65.41 72.58 OK
r-release-linux-x86_64 0.0.9.2 7.79 67.61 75.40 OK
r-release-macos-arm64 0.0.9.2 27.00 NOTE
r-release-macos-x86_64 0.0.9.2 42.00 NOTE
r-release-windows-x86_64 0.0.9.2 23.00 92.00 115.00 OK
r-oldrel-macos-arm64 0.0.9.2 26.00 NOTE
r-oldrel-macos-x86_64 0.0.9.2 39.00 NOTE
r-oldrel-windows-ix86+x86_64 0.0.9.2 19.00 90.00 109.00 OK

Check Details

Version: 0.0.9.2
Check: dependencies in R code
Result: NOTE
    Namespaces in Imports field not imported from:
     ‘RSQLite’ ‘dbplyr’
     All declared Imports should be used.
Flavors: r-devel-linux-x86_64-fedora-clang, r-devel-linux-x86_64-fedora-gcc, r-release-macos-arm64, r-release-macos-x86_64, r-oldrel-macos-arm64, r-oldrel-macos-x86_64