Last updated on 2024-04-23 20:52:19 CEST.
Flavor | Version | Tinstall | Tcheck | Ttotal | Status | Flags |
---|---|---|---|---|---|---|
r-devel-linux-x86_64-debian-clang | 0.0.9.2 | 8.18 | 66.08 | 74.26 | OK | |
r-devel-linux-x86_64-debian-gcc | 0.0.9.2 | 6.71 | 49.31 | 56.02 | OK | |
r-devel-linux-x86_64-fedora-clang | 0.0.9.2 | 96.32 | NOTE | |||
r-devel-linux-x86_64-fedora-gcc | 0.0.9.2 | 101.91 | NOTE | |||
r-prerel-macos-arm64 | 0.0.9.2 | 34.00 | OK | |||
r-prerel-windows-x86_64 | 0.0.9.2 | 8.00 | 66.00 | 74.00 | OK | |
r-patched-linux-x86_64 | 0.0.9.2 | 5.41 | 62.58 | 67.99 | OK | |
r-release-linux-x86_64 | 0.0.9.2 | 5.22 | 60.26 | 65.48 | OK | |
r-release-macos-arm64 | 0.0.9.2 | 35.00 | OK | |||
r-release-macos-x86_64 | 0.0.9.2 | 51.00 | OK | |||
r-release-windows-x86_64 | 0.0.9.2 | 12.00 | 74.00 | 86.00 | OK | |
r-oldrel-macos-arm64 | 0.0.9.2 | 27.00 | NOTE | |||
r-oldrel-windows-x86_64 | 0.0.9.2 | 11.00 | 79.00 | 90.00 | OK |
Version: 0.0.9.2
Check: dependencies in R code
Result: NOTE
Namespaces in Imports field not imported from:
‘RSQLite’ ‘dbplyr’
All declared Imports should be used.
Flavors: r-devel-linux-x86_64-fedora-clang, r-devel-linux-x86_64-fedora-gcc, r-oldrel-macos-arm64