Last updated on 2025-07-25 20:49:42 CEST.
Flavor | Version | Tinstall | Tcheck | Ttotal | Status | Flags |
---|---|---|---|---|---|---|
r-devel-linux-x86_64-debian-clang | 1.2.0 | 38.64 | 488.47 | 527.11 | NOTE | |
r-devel-linux-x86_64-debian-gcc | 1.2.0 | 25.81 | 326.57 | 352.38 | NOTE | |
r-devel-linux-x86_64-fedora-clang | 1.2.0 | 832.99 | NOTE | |||
r-devel-linux-x86_64-fedora-gcc | 1.2.0 | 829.20 | NOTE | |||
r-devel-windows-x86_64 | 1.2.0 | 38.00 | 453.00 | 491.00 | NOTE | |
r-patched-linux-x86_64 | 1.2.0 | 35.03 | 463.24 | 498.27 | NOTE | |
r-release-linux-x86_64 | 1.2.0 | 30.23 | 462.76 | 492.99 | NOTE | |
r-release-macos-arm64 | 1.2.0 | 199.00 | NOTE | |||
r-release-macos-x86_64 | 1.2.0 | 442.00 | OK | |||
r-release-windows-x86_64 | 1.2.0 | 37.00 | 432.00 | 469.00 | NOTE | |
r-oldrel-macos-arm64 | 1.2.0 | 213.00 | NOTE | |||
r-oldrel-macos-x86_64 | 1.2.0 | 421.00 | NOTE | |||
r-oldrel-windows-x86_64 | 1.2.0 | 47.00 | 563.00 | 610.00 | NOTE |
Version: 1.2.0
Check: DESCRIPTION meta-information
Result: NOTE
Missing dependency on R >= 4.1.0 because package code uses the pipe
|> or function shorthand \(...) syntax added in R 4.1.0.
File(s) using such syntax:
‘gtable_ld_associations_combine.Rd’ ‘gtable_ld_grobs.Rd’
Flavors: r-devel-linux-x86_64-debian-clang, r-devel-linux-x86_64-debian-gcc, r-devel-linux-x86_64-fedora-clang, r-devel-linux-x86_64-fedora-gcc, r-devel-windows-x86_64, r-patched-linux-x86_64, r-release-linux-x86_64, r-release-macos-arm64, r-release-windows-x86_64
Version: 1.2.0
Check: installed package size
Result: NOTE
installed size is 5.6Mb
sub-directories of 1Mb or more:
doc 4.2Mb
Flavors: r-oldrel-macos-arm64, r-oldrel-macos-x86_64, r-oldrel-windows-x86_64