Last updated on 2024-04-23 20:52:19 CEST.
Flavor | Version | Tinstall | Tcheck | Ttotal | Status | Flags |
---|---|---|---|---|---|---|
r-devel-linux-x86_64-debian-clang | 0.11.1 | 2.30 | 47.60 | 49.90 | OK | |
r-devel-linux-x86_64-debian-gcc | 0.11.1 | 2.42 | 35.47 | 37.89 | OK | |
r-devel-linux-x86_64-fedora-clang | 0.11.1 | 68.40 | OK | |||
r-devel-linux-x86_64-fedora-gcc | 0.11.1 | 72.64 | OK | |||
r-prerel-macos-arm64 | 0.11.1 | 29.00 | OK | |||
r-prerel-windows-x86_64 | 0.11.1 | 3.00 | 57.00 | 60.00 | OK | |
r-patched-linux-x86_64 | 0.11.1 | 3.23 | 46.70 | 49.93 | OK | |
r-release-linux-x86_64 | 0.11.1 | 3.23 | 44.99 | 48.22 | OK | |
r-release-macos-arm64 | 0.11.1 | 43.00 | OK | |||
r-release-macos-x86_64 | 0.11.1 | 57.00 | OK | |||
r-release-windows-x86_64 | 0.11.1 | 4.00 | 61.00 | 65.00 | OK | |
r-oldrel-macos-arm64 | 0.11.1 | 25.00 | OK | |||
r-oldrel-windows-x86_64 | 0.11.1 | 4.00 | 62.00 | 66.00 | WARN |
Version: 0.11.1
Check: R files for syntax errors
Result: WARN
Warnings in file 'R/replace_special_characters_internal.R':
unable to translate '<U+00C4>' to native encoding
unable to translate '<U+00D6>' to native encoding
unable to translate '<U+00DC>' to native encoding
unable to translate '<U+00E4>' to native encoding
unable to translate '<U+00F6>' to native encoding
unable to translate '<U+00FC>' to native encoding
unable to translate '<U+00DF>' to native encoding
unable to translate '<U+00C6>' to native encoding
unable to translate '<U+00E6>' to native encoding
unable to translate '<U+00D8>' to native encoding
unable to translate '<U+00F8>' to native encoding
unable to translate '<U+00C5>' to native encoding
unable to translate '<U+00E5>' to native encoding
unable to translate '<U+00C6>' to native encoding
unable to translate '<U+00E6>' to native encoding
unable to translate '<U+00D8>' to native encoding
unable to translate '<U+00F8>' to native encoding
unable to translate '<U+00C6>' to native encoding
unable to translate '<U+00E6>' to native encoding
unable to translate '<U+00D8>' to native encoding
unable to translate '<U+00F8>' to native encoding
unable to translate '<U+00C5>' to native encoding
unable to translate '<U+00E5>' to native encoding
Flavor: r-oldrel-windows-x86_64