CRAN Package Check Results for Package snakecase

Last updated on 2022-12-02 20:53:26 CET.

Flavor Version Tinstall Tcheck Ttotal Status Flags
r-devel-linux-x86_64-debian-clang 0.11.0 3.08 41.11 44.19 OK
r-devel-linux-x86_64-debian-gcc 0.11.0 2.37 31.48 33.85 OK
r-devel-linux-x86_64-fedora-clang 0.11.0 66.14 OK
r-devel-linux-x86_64-fedora-gcc 0.11.0 62.05 OK
r-devel-windows-x86_64 0.11.0 30.00 73.00 103.00 WARN
r-patched-linux-x86_64 0.11.0 2.57 38.77 41.34 OK
r-release-linux-x86_64 0.11.0 2.20 38.63 40.83 OK
r-release-macos-arm64 0.11.0 21.00 OK
r-release-macos-x86_64 0.11.0 30.00 OK
r-release-windows-x86_64 0.11.0 22.00 75.00 97.00 WARN
r-oldrel-macos-arm64 0.11.0 33.00 OK
r-oldrel-macos-x86_64 0.11.0 36.00 OK
r-oldrel-windows-ix86+x86_64 0.11.0 7.00 63.00 70.00 OK

Check Details

Version: 0.11.0
Check: R files for syntax errors
Result: WARN
    Warnings in file 'R/replace_special_characters_internal.R':
     unable to translate '<U+00C4>' to native encoding
     unable to translate '<U+00D6>' to native encoding
     unable to translate '<U+00DC>' to native encoding
     unable to translate '<U+00E4>' to native encoding
     unable to translate '<U+00F6>' to native encoding
     unable to translate '<U+00FC>' to native encoding
     unable to translate '<U+00DF>' to native encoding
     unable to translate '<U+00C6>' to native encoding
     unable to translate '<U+00E6>' to native encoding
     unable to translate '<U+00D8>' to native encoding
     unable to translate '<U+00F8>' to native encoding
     unable to translate '<U+00C5>' to native encoding
     unable to translate '<U+00E5>' to native encoding
     unable to translate '<U+00C6>' to native encoding
     unable to translate '<U+00E6>' to native encoding
     unable to translate '<U+00D8>' to native encoding
     unable to translate '<U+00F8>' to native encoding
     unable to translate '<U+00C6>' to native encoding
     unable to translate '<U+00E6>' to native encoding
     unable to translate '<U+00D8>' to native encoding
     unable to translate '<U+00F8>' to native encoding
     unable to translate '<U+00C5>' to native encoding
     unable to translate '<U+00E5>' to native encoding
Flavors: r-devel-windows-x86_64, r-release-windows-x86_64