Last updated on 2025-10-31 19:58:23 CET.
| Flavor | Version | Tinstall | Tcheck | Ttotal | Status | Flags | 
|---|---|---|---|---|---|---|
| r-devel-linux-x86_64-debian-clang | 3.4-8 | 4.44 | 37.25 | 41.69 | NOTE | |
| r-devel-linux-x86_64-debian-gcc | 3.4-8 | 3.42 | 28.39 | 31.81 | NOTE | |
| r-devel-linux-x86_64-fedora-clang | 3.4-8 | 11.00 | 49.15 | 60.15 | OK | |
| r-devel-linux-x86_64-fedora-gcc | 3.4-8 | 11.00 | 47.38 | 58.38 | OK | |
| r-devel-windows-x86_64 | 3.4-8 | 6.00 | 56.00 | 62.00 | OK | |
| r-patched-linux-x86_64 | 3.4-8 | 5.63 | 34.82 | 40.45 | OK | |
| r-release-linux-x86_64 | 3.4-8 | 4.78 | 34.19 | 38.97 | OK | |
| r-release-macos-arm64 | 3.4-8 | 2.00 | 19.00 | 21.00 | OK | |
| r-release-macos-x86_64 | 3.4-8 | 4.00 | 31.00 | 35.00 | OK | |
| r-release-windows-x86_64 | 3.4-8 | 5.00 | 63.00 | 68.00 | OK | |
| r-oldrel-macos-arm64 | 3.4-8 | 2.00 | 19.00 | 21.00 | OK | |
| r-oldrel-macos-x86_64 | 3.4-8 | 3.00 | 28.00 | 31.00 | OK | |
| r-oldrel-windows-x86_64 | 3.4-8 | 6.00 | 57.00 | 63.00 | OK | 
Version: 3.4-8
Check: CRAN incoming feasibility
Result: NOTE
  Maintainer: ‘Remko Duursma <remkoduursma@gmail.com>’
  
  No Authors@R field in DESCRIPTION.
  Please add one, modifying
    Authors@R: c(person(given = "David",
                        family = "Warton",
                        role = "aut",
                        email = "David.Warton@unsw.edu.au"),
                 person(given = "Remko",
                        family = "Duursma",
                        role = c("aut", "cre"),
                        email = "remkoduursma@gmail.com"),
                 person(given = "Daniel",
                        family = "Falster",
                        role = "aut"),
                 person(given = "Sara",
                        family = "Taskinen.",
                        role = "aut"))
  as necessary.
  
  Package CITATION file contains call(s) to old-style personList() or
  as.personList().  Please use c() on person objects instead.
  Package CITATION file contains call(s) to old-style citEntry().  Please
  use bibentry() instead.
Flavors: r-devel-linux-x86_64-debian-clang, r-devel-linux-x86_64-debian-gcc