Last updated on 2024-04-23 20:52:19 CEST.
Flavor | Version | Tinstall | Tcheck | Ttotal | Status | Flags |
---|---|---|---|---|---|---|
r-devel-linux-x86_64-debian-clang | 2.1-6 | 23.18 | 382.88 | 406.06 | OK | |
r-devel-linux-x86_64-debian-gcc | 2.1-6 | 20.10 | 276.71 | 296.81 | OK | |
r-devel-linux-x86_64-fedora-clang | 2.1-6 | 530.58 | NOTE | |||
r-devel-linux-x86_64-fedora-gcc | 2.1-6 | 493.10 | NOTE | |||
r-prerel-macos-arm64 | 2.1-6 | 133.00 | OK | |||
r-prerel-macos-x86_64 | 2.1-6 | 165.00 | OK | |||
r-prerel-windows-x86_64 | 2.1-6 | 26.00 | 295.00 | 321.00 | OK | |
r-patched-linux-x86_64 | 2.1-6 | 29.23 | 372.49 | 401.72 | OK | |
r-release-linux-x86_64 | 2.1-6 | 23.14 | 380.14 | 403.28 | OK | |
r-release-macos-arm64 | 2.1-6 | 119.00 | OK | |||
r-release-macos-x86_64 | 2.1-6 | 152.00 | OK | |||
r-release-windows-x86_64 | 2.1-6 | 36.00 | 372.00 | 408.00 | OK | |
r-oldrel-macos-arm64 | 2.1-6 | 98.00 | OK | |||
r-oldrel-windows-x86_64 | 2.1-6 | 33.00 | 372.00 | 405.00 | OK |
Version: 2.1-6
Check: data for non-ASCII characters
Result: NOTE
Note: found 15 marked Latin-1 strings
Note: found 2 marked UTF-8 strings
Flavors: r-devel-linux-x86_64-fedora-clang, r-devel-linux-x86_64-fedora-gcc