Last updated on 2024-04-24 20:54:23 CEST.
Flavor | Version | Tinstall | Tcheck | Ttotal | Status | Flags |
---|---|---|---|---|---|---|
r-devel-linux-x86_64-debian-clang | 0.1-50 | 7.21 | 44.10 | 51.31 | NOTE | |
r-devel-linux-x86_64-debian-gcc | 0.1-50 | 5.37 | 33.51 | 38.88 | NOTE | |
r-devel-linux-x86_64-fedora-clang | 0.1-50 | 69.81 | NOTE | |||
r-devel-linux-x86_64-fedora-gcc | 0.1-50 | 64.25 | NOTE | |||
r-devel-windows-x86_64 | 0.1-50 | 9.00 | 58.00 | 67.00 | OK | |
r-patched-linux-x86_64 | 0.1-50 | 6.61 | 44.83 | 51.44 | OK | |
r-release-linux-x86_64 | 0.1-50 | 6.03 | 41.39 | 47.42 | OK | |
r-release-macos-arm64 | 0.1-50 | 25.00 | OK | |||
r-release-windows-x86_64 | 0.1-50 | 10.00 | 58.00 | 68.00 | OK | |
r-oldrel-macos-arm64 | 0.1-50 | 26.00 | OK | |||
r-oldrel-macos-x86_64 | 0.1-50 | 39.00 | OK | |||
r-oldrel-windows-x86_64 | 0.1-50 | 9.00 | 67.00 | 76.00 | OK |
Version: 0.1-50
Check: compiled code
Result: NOTE
File ‘slam/libs/slam.so’:
Found non-API calls to R: ‘SETLENGTH’, ‘UNSET_S4_OBJECT’
Compiled code should not call non-API entry points in R.
See ‘Writing portable packages’ in the ‘Writing R Extensions’ manual.
Flavors: r-devel-linux-x86_64-debian-clang, r-devel-linux-x86_64-debian-gcc, r-devel-linux-x86_64-fedora-clang, r-devel-linux-x86_64-fedora-gcc