Last updated on 2025-11-24 19:51:23 CET.
| Flavor | Version | Tinstall | Tcheck | Ttotal | Status | Flags |
|---|---|---|---|---|---|---|
| r-devel-linux-x86_64-debian-clang | 1.0 | 6.92 | 146.17 | 153.09 | OK | |
| r-devel-linux-x86_64-debian-gcc | 1.0 | 0.30 | 1.88 | 2.18 | ERROR | |
| r-devel-linux-x86_64-fedora-clang | 1.0 | 47.00 | OK | |||
| r-devel-linux-x86_64-fedora-gcc | 1.0 | 2.95 | ERROR | |||
| r-devel-windows-x86_64 | 1.0 | 10.00 | 142.00 | 152.00 | OK | |
| r-patched-linux-x86_64 | 1.0 | 6.28 | 136.72 | 143.00 | OK | |
| r-release-linux-x86_64 | 1.0 | 7.16 | 136.86 | 144.02 | OK | |
| r-release-macos-arm64 | 1.0 | OK | ||||
| r-release-macos-x86_64 | 1.0 | 8.00 | 137.00 | 145.00 | OK | |
| r-release-windows-x86_64 | 1.0 | 10.00 | 155.00 | 165.00 | OK | |
| r-oldrel-macos-arm64 | 1.0 | OK | ||||
| r-oldrel-macos-x86_64 | 1.0 | 6.00 | 141.00 | 147.00 | OK | |
| r-oldrel-windows-x86_64 | 1.0 | 13.00 | 184.00 | 197.00 | OK |
Version: 1.0
Check: package dependencies
Result: ERROR
Package required but not available: ‘mapview’
See section ‘The DESCRIPTION file’ in the ‘Writing R Extensions’
manual.
Flavors: r-devel-linux-x86_64-debian-gcc, r-devel-linux-x86_64-fedora-gcc