Last updated on 2024-04-23 20:52:19 CEST.
Flavor | Version | Tinstall | Tcheck | Ttotal | Status | Flags |
---|---|---|---|---|---|---|
r-devel-linux-x86_64-debian-clang | 1.0.0 | 19.21 | 320.07 | 339.28 | OK | |
r-devel-linux-x86_64-debian-gcc | 1.0.0 | 14.41 | 228.63 | 243.04 | OK | |
r-devel-linux-x86_64-fedora-clang | 1.0.0 | 437.25 | NOTE | |||
r-devel-linux-x86_64-fedora-gcc | 1.0.0 | 409.40 | NOTE | |||
r-prerel-macos-arm64 | 1.0.0 | 305.00 | OK | |||
r-prerel-windows-x86_64 | 1.0.0 | 16.00 | 457.00 | 473.00 | OK | |
r-patched-linux-x86_64 | 1.0.0 | 12.85 | 297.74 | 310.59 | OK | |
r-release-linux-x86_64 | 1.0.0 | 18.55 | 300.17 | 318.72 | OK | |
r-release-macos-arm64 | 1.0.0 | 333.00 | OK | |||
r-release-macos-x86_64 | 1.0.0 | 420.00 | OK | |||
r-release-windows-x86_64 | 1.0.0 | 20.00 | 529.00 | 549.00 | OK | |
r-oldrel-macos-arm64 | 1.0.0 | 311.00 | NOTE | |||
r-oldrel-windows-x86_64 | 1.0.0 | 22.00 | 522.00 | 544.00 | OK |
Version: 1.0.0
Check: dependencies in R code
Result: NOTE
Namespaces in Imports field not imported from:
‘numDeriv’ ‘png’
All declared Imports should be used.
Flavors: r-devel-linux-x86_64-fedora-clang, r-devel-linux-x86_64-fedora-gcc, r-oldrel-macos-arm64