CRAN Package Check Results for Package skpr

Last updated on 2023-09-23 23:00:58 CEST.

Flavor Version Tinstall Tcheck Ttotal Status Flags
r-devel-linux-x86_64-debian-clang 1.4.0 213.91 212.93 426.84 NOTE
r-devel-linux-x86_64-debian-gcc 1.4.0 177.98 166.00 343.98 NOTE
r-devel-linux-x86_64-fedora-clang 1.4.0 543.48 NOTE
r-devel-linux-x86_64-fedora-gcc 1.4.0 603.79 NOTE
r-devel-windows-x86_64 1.4.0 150.00 204.00 354.00 NOTE
r-patched-linux-x86_64 1.4.0 169.72 197.08 366.80 OK
r-release-linux-x86_64 1.4.0 184.71 223.53 408.24 OK
r-release-macos-arm64 1.4.0 129.00 NOTE
r-release-macos-x86_64 1.4.0 203.00 NOTE
r-release-windows-x86_64 1.4.0 195.00 258.00 453.00 OK
r-oldrel-macos-arm64 1.4.0 132.00 NOTE
r-oldrel-macos-x86_64 1.4.0 182.00 NOTE
r-oldrel-windows-x86_64 1.4.0 183.00 238.00 421.00 OK

Check Details

Version: 1.4.0
Check: Rd \usage sections
Result: NOTE
    Documented arguments not in \usage in documentation object 'calculate_gefficiency':
     ‘RunMatrix’
    
    Documented arguments not in \usage in documentation object 'constructRunMatrix':
     ‘Levelvector’
    
    Documented arguments not in \usage in documentation object 'effectpower':
     ‘X’
    
    Documented arguments not in \usage in documentation object 'gen_momentsmatrix':
     ‘Levelvector’
    
    Documented arguments not in \usage in documentation object 'generate_noise_block':
     ‘RunMatrix’
    
    Documented arguments not in \usage in documentation object 'genhypmatrix':
     ‘Parameters’ ‘Levels’ ‘G’
    
    Documented arguments not in \usage in documentation object 'genparammatrix':
     ‘Parameters’ ‘Levels’ ‘G’
    
    Documented arguments not in \usage in documentation object 'priorlevels':
     ‘Levelvector’
    
    Documented arguments not in \usage in documentation object 'reduceRunMatrix':
     ‘ModelMatrix’
    
    Functions with \usage entries need to have the appropriate \alias
    entries, and all their arguments documented.
    The \usage entries must correspond to syntactically valid R code.
    See chapter ‘Writing R documentation files’ in the ‘Writing R
    Extensions’ manual.
Flavors: r-devel-linux-x86_64-debian-clang, r-devel-linux-x86_64-debian-gcc, r-devel-linux-x86_64-fedora-clang, r-devel-linux-x86_64-fedora-gcc, r-devel-windows-x86_64

Version: 1.4.0
Check: installed package size
Result: NOTE
     installed size is 32.1Mb
     sub-directories of 1Mb or more:
     libs 31.1Mb
Flavors: r-release-macos-arm64, r-release-macos-x86_64, r-oldrel-macos-arm64, r-oldrel-macos-x86_64