Last updated on 2024-04-17 20:57:49 CEST.
Flavor | Version | Tinstall | Tcheck | Ttotal | Status | Flags |
---|---|---|---|---|---|---|
r-devel-linux-x86_64-debian-clang | 1.7.1 | 234.89 | 116.60 | 351.49 | OK | |
r-devel-linux-x86_64-debian-gcc | 1.7.1 | 198.40 | 93.23 | 291.63 | OK | |
r-devel-linux-x86_64-fedora-clang | 1.7.1 | 446.38 | OK | |||
r-devel-linux-x86_64-fedora-gcc | 1.7.1 | 509.25 | OK | |||
r-prerel-macos-arm64 | 1.7.1 | 91.00 | NOTE | |||
r-prerel-macos-x86_64 | 1.7.1 | 168.00 | NOTE | |||
r-prerel-windows-x86_64 | 1.7.1 | 154.00 | 131.00 | 285.00 | OK | |
r-patched-linux-x86_64 | 1.7.1 | 205.71 | 110.44 | 316.15 | OK | |
r-release-linux-x86_64 | 1.7.1 | 198.62 | 130.67 | 329.29 | OK | |
r-release-macos-arm64 | 1.7.1 | 92.00 | NOTE | |||
r-release-macos-x86_64 | 1.7.1 | 160.00 | NOTE | |||
r-release-windows-x86_64 | 1.7.1 | 199.00 | 164.00 | 363.00 | OK | |
r-oldrel-macos-arm64 | 1.7.1 | 92.00 | NOTE | |||
r-oldrel-windows-x86_64 | 1.7.1 | 186.00 | 144.00 | 330.00 | OK |
Version: 1.7.1
Check: installed package size
Result: NOTE
installed size is 38.2Mb
sub-directories of 1Mb or more:
libs 37.6Mb
Flavors: r-prerel-macos-arm64, r-prerel-macos-x86_64, r-release-macos-arm64, r-release-macos-x86_64, r-oldrel-macos-arm64