Last updated on 2024-04-16 21:50:43 CEST.
Flavor | Version | Tinstall | Tcheck | Ttotal | Status | Flags |
---|---|---|---|---|---|---|
r-devel-linux-x86_64-debian-clang | 0.1.5.4 | 95.65 | 431.71 | 527.36 | NOTE | |
r-devel-linux-x86_64-debian-gcc | 0.1.5.4 | 69.53 | 342.13 | 411.66 | NOTE | |
r-devel-linux-x86_64-fedora-clang | 0.1.5.4 | 719.59 | NOTE | |||
r-devel-linux-x86_64-fedora-gcc | 0.1.5.4 | 700.58 | NOTE | |||
r-prerel-macos-arm64 | 0.1.5.4 | 337.00 | NOTE | |||
r-prerel-windows-x86_64 | 0.1.5.4 | 73.00 | 72.00 | 145.00 | NOTE | --no-vignettes |
r-patched-linux-x86_64 | 0.1.5.4 | 89.57 | 425.63 | 515.20 | NOTE | |
r-release-linux-x86_64 | 0.1.5.4 | 81.23 | 443.32 | 524.55 | NOTE | |
r-release-macos-arm64 | 0.1.5.4 | 369.00 | NOTE | |||
r-release-macos-x86_64 | 0.1.5.4 | 712.00 | NOTE | |||
r-release-windows-x86_64 | 0.1.5.4 | 93.00 | 85.00 | 178.00 | NOTE | --no-vignettes |
r-oldrel-macos-arm64 | 0.1.5.4 | 305.00 | NOTE | |||
r-oldrel-windows-x86_64 | 0.1.5.4 | 84.00 | 83.00 | 167.00 | NOTE | --no-vignettes |
Version: 0.1.5.4
Check: for GNU extensions in Makefiles
Result: NOTE
GNU make is a SystemRequirements.
Flavors: r-devel-linux-x86_64-debian-clang, r-devel-linux-x86_64-debian-gcc, r-devel-linux-x86_64-fedora-clang, r-devel-linux-x86_64-fedora-gcc, r-prerel-macos-arm64, r-patched-linux-x86_64, r-release-linux-x86_64, r-release-macos-arm64, r-release-macos-x86_64, r-oldrel-macos-arm64
Version: 0.1.5.4
Check: compiled code
Result: NOTE
File ‘skm/libs/skm.so’:
Found no calls to: ‘R_registerRoutines’, ‘R_useDynamicSymbols’
It is good practice to register native routines and to disable symbol
search.
See ‘Writing portable packages’ in the ‘Writing R Extensions’ manual.
Flavors: r-devel-linux-x86_64-fedora-clang, r-devel-linux-x86_64-fedora-gcc
Version: 0.1.5.4
Check: installed package size
Result: NOTE
installed size is 7.0Mb
sub-directories of 1Mb or more:
doc 1.1Mb
libs 4.9Mb
Flavors: r-prerel-macos-arm64, r-release-macos-arm64, r-release-macos-x86_64, r-oldrel-macos-arm64
Version: 0.1.5.4
Flags: --no-vignettes
Check: for GNU extensions in Makefiles
Result: NOTE
GNU make is a SystemRequirements.
Flavors: r-prerel-windows-x86_64, r-release-windows-x86_64, r-oldrel-windows-x86_64