Last updated on 2024-07-17 20:57:12 CEST.
Flavor | Version | Tinstall | Tcheck | Ttotal | Status | Flags |
---|---|---|---|---|---|---|
r-devel-linux-x86_64-debian-clang | 3.0-2 | 16.72 | 124.18 | 140.90 | OK | |
r-devel-linux-x86_64-debian-gcc | 3.0-2 | 11.19 | 89.42 | 100.61 | OK | |
r-devel-linux-x86_64-fedora-clang | 3.0-2 | 172.61 | OK | |||
r-devel-linux-x86_64-fedora-gcc | 3.0-2 | 160.51 | OK | |||
r-devel-windows-x86_64 | 3.0-2 | 15.00 | 104.00 | 119.00 | NOTE | |
r-patched-linux-x86_64 | 3.0-2 | 17.96 | 110.27 | 128.23 | OK | |
r-release-linux-x86_64 | 3.0-2 | 9.42 | 120.78 | 130.20 | OK | |
r-release-macos-arm64 | 3.0-2 | 47.00 | OK | |||
r-release-macos-x86_64 | 3.0-2 | 84.00 | OK | |||
r-release-windows-x86_64 | 3.0-2 | 15.00 | 106.00 | 121.00 | OK | |
r-oldrel-macos-arm64 | 3.0-2 | 53.00 | OK | |||
r-oldrel-macos-x86_64 | 3.0-2 | 83.00 | OK | |||
r-oldrel-windows-x86_64 | 3.0-2 | 21.00 | 125.00 | 146.00 | OK |
Version: 3.0-2
Check: Rd cross-references
Result: NOTE
Found the following Rd file(s) with Rd \link{} targets missing package
anchors:
sklars.omega.Rd: hjkb
Please provide package anchors for all Rd \link{} targets not in the
package itself and the base packages.
Flavor: r-devel-windows-x86_64