Last updated on 2024-07-17 20:57:12 CEST.
Flavor | Version | Tinstall | Tcheck | Ttotal | Status | Flags |
---|---|---|---|---|---|---|
r-devel-linux-x86_64-debian-clang | 1.1.0 | 41.24 | 240.24 | 281.48 | OK | |
r-devel-linux-x86_64-debian-gcc | 1.1.0 | 29.84 | 162.54 | 192.38 | OK | |
r-devel-linux-x86_64-fedora-clang | 1.1.0 | 257.09 | OK | |||
r-devel-linux-x86_64-fedora-gcc | 1.1.0 | 178.02 | OK | |||
r-devel-windows-x86_64 | 1.1.0 | 34.00 | 155.00 | 189.00 | NOTE | |
r-patched-linux-x86_64 | 1.1.0 | 30.69 | 216.35 | 247.04 | OK | |
r-release-linux-x86_64 | 1.1.0 | 25.41 | 222.95 | 248.36 | OK | |
r-release-macos-arm64 | 1.1.0 | 74.00 | OK | |||
r-release-macos-x86_64 | 1.1.0 | 113.00 | OK | |||
r-release-windows-x86_64 | 1.1.0 | 32.00 | 156.00 | 188.00 | OK | |
r-oldrel-macos-arm64 | 1.1.0 | 64.00 | OK | |||
r-oldrel-macos-x86_64 | 1.1.0 | 197.00 | OK | |||
r-oldrel-windows-x86_64 | 1.1.0 | 43.00 | 199.00 | 242.00 | OK |
Version: 1.1.0
Check: Rd cross-references
Result: NOTE
Found the following Rd file(s) with Rd \link{} targets missing package
anchors:
healy.plot.Rd: ggplot
plot.Rd: ggplot
plot.SMNCens.Rd: ggplot
plot.acfresid.Rd: ggplot
plot.mahalDist.Rd: ggplot
plot.mahalDist.SMNCens.Rd: ggplot
Please provide package anchors for all Rd \link{} targets not in the
package itself and the base packages.
Flavor: r-devel-windows-x86_64