CRAN Package Check Results for Package sjstats

Last updated on 2025-05-03 21:51:32 CEST.

Flavor Version Tinstall Tcheck Ttotal Status Flags
r-devel-linux-x86_64-debian-clang 0.19.0 5.74 68.92 74.66 NOTE
r-devel-linux-x86_64-debian-gcc 0.19.0 3.65 50.56 54.21 NOTE
r-devel-linux-x86_64-fedora-clang 0.19.0 121.21 NOTE
r-devel-linux-x86_64-fedora-gcc 0.19.0 107.23 NOTE
r-devel-windows-x86_64 0.19.0 6.00 90.00 96.00 NOTE
r-patched-linux-x86_64 0.19.0 6.14 63.28 69.42 NOTE
r-release-linux-x86_64 NOTE
r-release-macos-arm64 0.19.0 41.00 NOTE
r-release-macos-x86_64 0.19.0 60.00 NOTE
r-release-windows-x86_64 0.19.0 7.00 90.00 97.00 NOTE
r-oldrel-macos-arm64 0.19.0 34.00 OK
r-oldrel-macos-x86_64 0.19.0 51.00 OK
r-oldrel-windows-x86_64 0.19.0 8.00 106.00 114.00 OK

Check Details

Version: 0.19.0
Check: DESCRIPTION meta-information
Result: NOTE Missing dependency on R >= 4.1.0 because package code uses the pipe |> or function shorthand \(...) syntax added in R 4.1.0. File(s) using such syntax: ‘prop.Rd’ Flavors: r-devel-linux-x86_64-debian-clang, r-devel-linux-x86_64-debian-gcc, r-devel-linux-x86_64-fedora-clang, r-devel-linux-x86_64-fedora-gcc, r-devel-windows-x86_64, r-patched-linux-x86_64, r-release-linux-x86_64, r-release-macos-arm64, r-release-macos-x86_64, r-release-windows-x86_64