Last updated on 2024-04-19 20:56:52 CEST.
Flavor | Version | Tinstall | Tcheck | Ttotal | Status | Flags |
---|---|---|---|---|---|---|
r-devel-linux-x86_64-debian-clang | 1.0.0 | 1.82 | 30.06 | 31.88 | NOTE | |
r-devel-linux-x86_64-debian-gcc | 1.0.0 | NOTE | ||||
r-devel-linux-x86_64-fedora-clang | 1.0.0 | 45.03 | NOTE | |||
r-devel-linux-x86_64-fedora-gcc | 1.0.0 | 55.33 | NOTE | |||
r-prerel-macos-arm64 | 1.0.0 | 25.00 | NOTE | |||
r-prerel-windows-x86_64 | 1.0.0 | 4.00 | 47.00 | 51.00 | NOTE | |
r-patched-linux-x86_64 | 1.0.0 | 2.15 | 29.17 | 31.32 | NOTE | |
r-release-linux-x86_64 | 1.0.0 | 2.31 | 28.67 | 30.98 | NOTE | |
r-release-macos-arm64 | 1.0.0 | 27.00 | NOTE | |||
r-release-macos-x86_64 | 1.0.0 | 37.00 | NOTE | |||
r-release-windows-x86_64 | 1.0.0 | 4.00 | 72.00 | 76.00 | NOTE | |
r-oldrel-macos-arm64 | 1.0.0 | 18.00 | NOTE | |||
r-oldrel-windows-x86_64 | 1.0.0 | 5.00 | 54.00 | 59.00 | NOTE |
Version: 1.0.0
Check: LazyData
Result: NOTE
'LazyData' is specified without a 'data' directory
Flavors: r-devel-linux-x86_64-debian-clang, r-devel-linux-x86_64-debian-gcc, r-devel-linux-x86_64-fedora-clang, r-devel-linux-x86_64-fedora-gcc, r-prerel-macos-arm64, r-prerel-windows-x86_64, r-patched-linux-x86_64, r-release-linux-x86_64, r-release-macos-arm64, r-release-macos-x86_64, r-release-windows-x86_64, r-oldrel-macos-arm64, r-oldrel-windows-x86_64
Version: 1.0.0
Check: dependencies in R code
Result: NOTE
Namespaces in Imports field not imported from:
‘data.table’ ‘dplyr’ ‘rmarkdown’ ‘yaml’
All declared Imports should be used.
Flavors: r-devel-linux-x86_64-fedora-clang, r-devel-linux-x86_64-fedora-gcc
Version: 1.0.0
Check: dependencies in R code
Result: NOTE
Namespaces in Imports field not imported from:
‘data.table’ ‘dplyr’ ‘lubridate’ ‘rmarkdown’ ‘yaml’
All declared Imports should be used.
Flavor: r-oldrel-macos-arm64