CRAN Package Check Results for Package sistec

Last updated on 2025-07-11 20:48:41 CEST.

Flavor Version Tinstall Tcheck Ttotal Status Flags
r-devel-linux-x86_64-debian-clang 0.2.0 6.69 52.38 59.07 OK
r-devel-linux-x86_64-debian-gcc 0.2.0 5.23 38.68 43.91 OK
r-devel-linux-x86_64-fedora-clang 0.2.0 92.44 NOTE
r-devel-linux-x86_64-fedora-gcc 0.2.0 83.99 NOTE
r-devel-windows-x86_64 0.2.0 10.00 65.00 75.00 OK
r-patched-linux-x86_64 0.2.0 5.98 46.67 52.65 OK
r-release-linux-x86_64 0.2.0 5.97 46.63 52.60 OK
r-release-macos-arm64 0.2.0 30.00 OK
r-release-macos-x86_64 0.2.0 49.00 OK
r-release-windows-x86_64 0.2.0 9.00 72.00 81.00 OK
r-oldrel-macos-arm64 0.2.0 29.00 NOTE
r-oldrel-macos-x86_64 0.2.0 49.00 NOTE
r-oldrel-windows-x86_64 0.2.0 11.00 76.00 87.00 NOTE

Check Details

Version: 0.2.0
Check: dependencies in R code
Result: NOTE Namespace in Imports field not imported from: ‘stringi’ All declared Imports should be used. Flavors: r-devel-linux-x86_64-fedora-clang, r-devel-linux-x86_64-fedora-gcc

Version: 0.2.0
Check: LazyData
Result: NOTE 'LazyData' is specified without a 'data' directory Flavors: r-oldrel-macos-arm64, r-oldrel-macos-x86_64, r-oldrel-windows-x86_64