Last updated on 2024-03-28 19:48:45 CET.
Flavor | Version | Tinstall | Tcheck | Ttotal | Status | Flags |
---|---|---|---|---|---|---|
r-devel-linux-x86_64-debian-clang | 0.48 | 16.32 | 144.78 | 161.10 | OK | |
r-devel-linux-x86_64-debian-gcc | 0.48 | 14.20 | 106.44 | 120.64 | OK | |
r-devel-linux-x86_64-fedora-clang | 0.48 | 194.50 | OK | |||
r-devel-linux-x86_64-fedora-gcc | 0.48 | 190.99 | OK | |||
r-devel-windows-x86_64 | 0.48 | 14.00 | 115.00 | 129.00 | OK | |
r-patched-linux-x86_64 | 0.48 | 19.18 | 136.44 | 155.62 | OK | |
r-release-linux-x86_64 | 0.48 | 13.85 | 142.36 | 156.21 | OK | |
r-release-macos-arm64 | 0.48 | 61.00 | OK | |||
r-release-macos-x86_64 | 0.48 | 100.00 | OK | |||
r-release-windows-x86_64 | 0.48 | 19.00 | 145.00 | 164.00 | OK | |
r-oldrel-macos-arm64 | 0.48 | 58.00 | NOTE | |||
r-oldrel-windows-x86_64 | 0.48 | 18.00 | 150.00 | 168.00 | OK |
Version: 0.48
Check: package dependencies
Result: NOTE
Packages suggested but not available for checking: 'graph', 'Rgraphviz'
Flavor: r-oldrel-macos-arm64
Version: 0.48
Check: Rd cross-references
Result: NOTE
Packages unavailable to check Rd xrefs: ‘Rgraphviz’, ‘graph’
Flavor: r-oldrel-macos-arm64