Last updated on 2024-03-28 19:48:45 CET.
Flavor | Version | Tinstall | Tcheck | Ttotal | Status | Flags |
---|---|---|---|---|---|---|
r-devel-linux-x86_64-debian-clang | 4.1-15 | 386.67 | 433.37 | 820.04 | OK | |
r-devel-linux-x86_64-debian-gcc | 4.1-15 | 295.87 | 294.14 | 590.01 | OK | |
r-devel-linux-x86_64-fedora-clang | 4.1-15 | 1168.23 | NOTE | |||
r-devel-linux-x86_64-fedora-gcc | 4.1-15 | 1118.42 | OK | |||
r-devel-windows-x86_64 | 4.1-15 | 289.00 | 352.00 | 641.00 | NOTE | |
r-patched-linux-x86_64 | 4.1-15 | 385.41 | 404.76 | 790.17 | OK | |
r-release-linux-x86_64 | 4.1-15 | 360.12 | 381.31 | 741.43 | OK | |
r-release-macos-arm64 | 4.1-15 | 201.00 | NOTE | |||
r-release-macos-x86_64 | 4.1-15 | 400.00 | NOTE | |||
r-release-windows-x86_64 | 4.1-15 | 358.00 | 455.00 | 813.00 | NOTE | |
r-oldrel-macos-arm64 | 4.1-15 | 201.00 | NOTE | |||
r-oldrel-windows-x86_64 | 4.1-15 | 349.00 | 410.00 | 759.00 | NOTE |
Version: 4.1-15
Check: installed package size
Result: NOTE
installed size is 5.2Mb
sub-directories of 1Mb or more:
R 2.2Mb
Flavors: r-devel-linux-x86_64-fedora-clang, r-devel-windows-x86_64, r-release-macos-arm64, r-release-macos-x86_64, r-release-windows-x86_64, r-oldrel-macos-arm64, r-oldrel-windows-x86_64