CRAN Package Check Results for Package siqr

Last updated on 2022-10-06 21:50:06 CEST.

Flavor Version Tinstall Tcheck Ttotal Status Flags
r-devel-linux-x86_64-debian-clang 0.8.1 1.77 29.03 30.80 NOTE
r-devel-linux-x86_64-debian-gcc 0.8.1 1.78 22.72 24.50 NOTE
r-devel-linux-x86_64-fedora-clang 0.8.1 50.82 NOTE
r-devel-linux-x86_64-fedora-gcc 0.8.1 47.11 NOTE
r-devel-windows-x86_64 0.8.1 7.00 55.00 62.00 NOTE
r-patched-linux-x86_64 0.8.1 1.52 27.57 29.09 OK
r-release-linux-x86_64 0.8.1 2.18 28.67 30.85 OK
r-release-macos-arm64 0.8.1 18.00 OK
r-release-macos-x86_64 0.8.1 23.00 OK
r-release-windows-x86_64 0.8.1 7.00 56.00 63.00 OK
r-oldrel-macos-arm64 0.8.1 18.00 OK
r-oldrel-macos-x86_64 0.8.1 26.00 OK
r-oldrel-windows-ix86+x86_64 0.8.1 5.00 51.00 56.00 OK

Check Details

Version: 0.8.1
Check: package subdirectories
Result: NOTE
    Problems with news in 'NEWS.md':
    No news entries found.
Flavors: r-devel-linux-x86_64-debian-clang, r-devel-linux-x86_64-debian-gcc, r-devel-linux-x86_64-fedora-clang, r-devel-linux-x86_64-fedora-gcc, r-devel-windows-x86_64