CRAN Package Check Results for Package siqr

Last updated on 2023-10-04 20:42:40 CEST.

Flavor Version Tinstall Tcheck Ttotal Status Flags
r-devel-linux-x86_64-debian-clang 0.8.1 2.45 27.13 29.58 NOTE
r-devel-linux-x86_64-debian-gcc 0.8.1 1.91 21.60 23.51 NOTE
r-devel-linux-x86_64-fedora-clang 0.8.1 37.60 NOTE
r-devel-linux-x86_64-fedora-gcc 0.8.1 36.14 NOTE
r-devel-windows-x86_64 0.8.1 4.00 43.00 47.00 NOTE
r-patched-linux-x86_64 0.8.1 2.49 28.11 30.60 NOTE
r-release-linux-x86_64 0.8.1 2.22 27.07 29.29 NOTE
r-release-macos-arm64 0.8.1 20.00 NOTE
r-release-macos-x86_64 0.8.1 24.00 NOTE
r-release-windows-x86_64 0.8.1 5.00 45.00 50.00 NOTE
r-oldrel-macos-arm64 0.8.1 18.00 OK
r-oldrel-macos-x86_64 0.8.1 23.00 OK
r-oldrel-windows-x86_64 0.8.1 4.00 46.00 50.00 OK

Check Details

Version: 0.8.1
Check: package subdirectories
Result: NOTE
    Problems with news in ‘NEWS.md’:
    No news entries found.
Flavors: r-devel-linux-x86_64-debian-clang, r-devel-linux-x86_64-debian-gcc, r-devel-linux-x86_64-fedora-clang, r-devel-linux-x86_64-fedora-gcc, r-devel-windows-x86_64, r-patched-linux-x86_64, r-release-linux-x86_64, r-release-macos-arm64, r-release-macos-x86_64, r-release-windows-x86_64