Last updated on 2024-12-17 20:48:33 CET.
Flavor | Version | Tinstall | Tcheck | Ttotal | Status | Flags |
---|---|---|---|---|---|---|
r-devel-linux-x86_64-debian-clang | 0.4.2 | 20.68 | 248.04 | 268.72 | OK | |
r-devel-linux-x86_64-debian-gcc | 0.4.2 | 15.61 | 239.22 | 254.83 | OK | |
r-devel-linux-x86_64-fedora-clang | 0.4.2 | 507.83 | NOTE | |||
r-devel-linux-x86_64-fedora-gcc | 0.4.2 | 462.82 | NOTE | |||
r-devel-windows-x86_64 | 0.4.2 | 26.00 | 315.00 | 341.00 | OK | |
r-patched-linux-x86_64 | 0.4.2 | 22.96 | 283.78 | 306.74 | OK | |
r-release-linux-x86_64 | 0.4.2 | 22.74 | 278.02 | 300.76 | OK | |
r-release-macos-arm64 | 0.4.2 | 152.00 | OK | |||
r-release-macos-x86_64 | 0.4.2 | 185.00 | OK | |||
r-release-windows-x86_64 | 0.4.2 | 26.00 | 302.00 | 328.00 | OK | |
r-oldrel-macos-arm64 | 0.4.2 | 162.00 | OK | |||
r-oldrel-macos-x86_64 | 0.4.2 | 208.00 | OK | |||
r-oldrel-windows-x86_64 | 0.4.2 | 32.00 | 368.00 | 400.00 | OK |
Version: 0.4.2
Check: dependencies in R code
Result: NOTE
Namespace in Imports field not imported from: ‘gsDesign2’
All declared Imports should be used.
Flavors: r-devel-linux-x86_64-fedora-clang, r-devel-linux-x86_64-fedora-gcc