Last updated on 2024-04-17 20:57:49 CEST.
Flavor | Version | Tinstall | Tcheck | Ttotal | Status | Flags |
---|---|---|---|---|---|---|
r-devel-linux-x86_64-debian-clang | 0.5-16 | 25.98 | 154.37 | 180.35 | NOTE | |
r-devel-linux-x86_64-debian-gcc | 0.5-16 | 15.23 | 106.86 | 122.09 | NOTE | |
r-devel-linux-x86_64-fedora-clang | 0.5-16 | 225.23 | NOTE | |||
r-devel-linux-x86_64-fedora-gcc | 0.5-16 | 203.22 | NOTE | |||
r-prerel-macos-arm64 | 0.5-16 | 50.00 | NOTE | |||
r-prerel-windows-x86_64 | 0.5-16 | 18.00 | 124.00 | 142.00 | NOTE | |
r-patched-linux-x86_64 | 0.5-16 | 30.36 | 147.03 | 177.39 | NOTE | |
r-release-linux-x86_64 | 0.5-16 | 21.38 | 142.03 | 163.41 | OK | |
r-release-macos-arm64 | 0.5-16 | 56.00 | OK | |||
r-release-macos-x86_64 | 0.5-16 | 98.00 | NOTE | |||
r-release-windows-x86_64 | 0.5-16 | 17.00 | 159.00 | 176.00 | OK | |
r-oldrel-macos-arm64 | 0.5-16 | 54.00 | OK | |||
r-oldrel-windows-x86_64 | 0.5-16 | 29.00 | 159.00 | 188.00 | OK |
Version: 0.5-16
Check: Rd files
Result: NOTE
checkRd: (-1) SimDataDist-class.Rd:28: Lost braces in \itemize; meant \describe ?
checkRd: (-1) SimDataDist-class.Rd:29: Lost braces in \itemize; meant \describe ?
checkRd: (-1) createData.Rd:7: Lost braces
7 | This function can be used to create data from a set of parameters created from \code{\link{draw}}, called a code{paramSet}. This function is used internally to create data, and is available publicly for accessibility and debugging.
| ^
checkRd: (-1) exportData.Rd:7: Lost braces
7 | This function can be used to export data created from a set of parameters created from \code{\link{draw}}, called a code{paramSet}. This function can export data to be analyzed with either Mplus or LISREL.
| ^
Flavors: r-devel-linux-x86_64-debian-clang, r-devel-linux-x86_64-debian-gcc, r-devel-linux-x86_64-fedora-clang, r-devel-linux-x86_64-fedora-gcc, r-prerel-macos-arm64, r-prerel-windows-x86_64, r-patched-linux-x86_64
Version: 0.5-16
Check: package dependencies
Result: NOTE
Packages suggested but not available for checking:
'quantreg', 'semTools', 'OpenMx', 'copula'
Flavor: r-release-macos-x86_64
Version: 0.5-16
Check: Rd cross-references
Result: NOTE
Package unavailable to check Rd xrefs: ‘copula’
Flavor: r-release-macos-x86_64