CRAN Package Check Results for Package simhelpers

Last updated on 2025-11-23 20:49:02 CET.

Flavor Version Tinstall Tcheck Ttotal Status Flags
r-devel-linux-x86_64-debian-clang 0.3.1 3.27 225.99 229.26 NOTE
r-devel-linux-x86_64-debian-gcc 0.3.1 2.49 137.24 139.73 NOTE
r-devel-linux-x86_64-fedora-clang 0.3.1 365.22 NOTE
r-devel-linux-x86_64-fedora-gcc 0.3.1 22.00 382.66 404.66 NOTE
r-devel-windows-x86_64 0.3.1 8.00 197.00 205.00 NOTE
r-patched-linux-x86_64 0.3.1 3.73 217.97 221.70 NOTE
r-release-linux-x86_64 0.3.1 3.21 219.75 222.96 NOTE
r-release-macos-arm64 0.3.1 NOTE
r-release-macos-x86_64 0.3.1 3.00 228.00 231.00 NOTE
r-release-windows-x86_64 0.3.1 6.00 219.00 225.00 NOTE
r-oldrel-macos-arm64 0.3.1 OK
r-oldrel-macos-x86_64 0.3.1 3.00 176.00 179.00 OK
r-oldrel-windows-x86_64 0.3.1 7.00 293.00 300.00 OK

Check Details

Version: 0.3.1
Check: DESCRIPTION meta-information
Result: NOTE Missing dependency on R >= 4.1.0 because package code uses the pipe |> or function shorthand \(...) syntax added in R 4.1.0. File(s) using such syntax: ‘bootstrap-projection.R’ ‘bootstrap_CIs.Rd’ ‘bundle_sim.R’ ‘calc_coverage.R’ ‘calc_rejection.R’ ‘extrapolate_coverage.Rd’ ‘utilities.R’ Flavors: r-devel-linux-x86_64-debian-clang, r-devel-linux-x86_64-debian-gcc, r-devel-linux-x86_64-fedora-clang, r-devel-linux-x86_64-fedora-gcc, r-devel-windows-x86_64, r-patched-linux-x86_64, r-release-linux-x86_64, r-release-macos-arm64, r-release-windows-x86_64

Version: 0.3.1
Check: DESCRIPTION meta-information
Result: NOTE Missing dependency on R >= 4.1.0 because package code uses the pipe |> or function shorthand \(...) syntax added in R 4.1.0. File(s) using such syntax: ‘bootstrap-projection.R’ ‘bundle_sim.R’ ‘calc_coverage.R’ ‘calc_rejection.R’ ‘utilities.R’ Flavor: r-release-macos-x86_64