Last updated on 2023-03-21 19:57:25 CET.
Flavor | Version | Tinstall | Tcheck | Ttotal | Status | Flags |
---|---|---|---|---|---|---|
r-devel-linux-x86_64-debian-clang | 2.6 | 9.33 | 164.93 | 174.26 | OK | |
r-devel-linux-x86_64-debian-gcc | 2.6 | 7.44 | 127.43 | 134.87 | OK | |
r-devel-linux-x86_64-fedora-clang | 2.6 | 205.32 | OK | |||
r-devel-linux-x86_64-fedora-gcc | 2.6 | 211.32 | OK | |||
r-patched-linux-x86_64 | 2.6 | 8.44 | 155.13 | 163.57 | OK | |
r-release-linux-x86_64 | 2.6 | 7.06 | 1287.14 | 1294.20 | ERROR | |
r-release-macos-arm64 | 2.6 | 74.00 | OK | |||
r-release-macos-x86_64 | 2.6 | 106.00 | OK | |||
r-release-windows-x86_64 | 2.6 | 24.00 | 221.00 | 245.00 | OK | |
r-oldrel-macos-arm64 | 2.6 | 86.00 | OK | |||
r-oldrel-macos-x86_64 | 2.6 | 167.00 | OK | |||
r-oldrel-windows-ix86+x86_64 | 2.6 | 21.00 | 176.00 | 197.00 | OK |
Version: 2.6
Check: re-building of vignette outputs
Result: ERROR
Error(s) in re-building vignettes:
...
--- re-building ‘simctest-intro.Rnw’ using Sweave
Killed
--- re-building ‘simctest-mctest-intro.Rnw’ using Sweave
--- finished re-building ‘simctest-mctest-intro.Rnw’
--- re-building ‘simctest-mmctest-intro.Rnw’ using Sweave
--- finished re-building ‘simctest-mmctest-intro.Rnw’
SUMMARY: processing the following file failed:
‘simctest-intro.Rnw’
Error: Vignette re-building failed.
Execution halted
Flavor: r-release-linux-x86_64