CRAN Package Check Results for Package simcdm

Last updated on 2023-10-04 20:42:40 CEST.

Flavor Version Tinstall Tcheck Ttotal Status Flags
r-devel-linux-x86_64-debian-clang 0.1.1 62.41 35.57 97.98 NOTE
r-devel-linux-x86_64-debian-gcc 0.1.1 45.31 28.33 73.64 NOTE
r-devel-linux-x86_64-fedora-clang 0.1.1 147.81 NOTE
r-devel-linux-x86_64-fedora-gcc 0.1.1 150.99 NOTE
r-devel-windows-x86_64 0.1.1 47.00 74.00 121.00 NOTE
r-patched-linux-x86_64 0.1.1 54.90 35.70 90.60 NOTE
r-release-linux-x86_64 0.1.1 55.26 35.29 90.55 NOTE
r-release-macos-arm64 0.1.1 49.00 NOTE
r-release-macos-x86_64 0.1.1 73.00 NOTE
r-release-windows-x86_64 0.1.1 60.00 81.00 141.00 NOTE
r-oldrel-macos-arm64 0.1.1 37.00 OK
r-oldrel-macos-x86_64 0.1.1 48.00 OK
r-oldrel-windows-x86_64 0.1.1 58.00 77.00 135.00 OK

Check Details

Version: 0.1.1
Check: C++ specification
Result: NOTE
     Specified C++11: please drop specification unless essential
Flavors: r-devel-linux-x86_64-debian-clang, r-devel-linux-x86_64-debian-gcc, r-devel-linux-x86_64-fedora-clang, r-devel-linux-x86_64-fedora-gcc, r-devel-windows-x86_64, r-patched-linux-x86_64, r-release-linux-x86_64, r-release-macos-arm64, r-release-macos-x86_64, r-release-windows-x86_64