CRAN Package Check Results for Package siie

Last updated on 2025-11-02 23:49:52 CET.

Flavor Version Tinstall Tcheck Ttotal Status Flags
r-devel-linux-x86_64-debian-clang 0.4.0 2.05 41.08 43.13 NOTE
r-devel-linux-x86_64-debian-gcc 0.4.0 1.57 31.73 33.30 NOTE
r-devel-linux-x86_64-fedora-clang 0.4.0 61.09 NOTE
r-devel-linux-x86_64-fedora-gcc 0.4.0 72.70 NOTE
r-devel-windows-x86_64 0.4.0 3.00 52.00 55.00 NOTE
r-patched-linux-x86_64 0.4.0 2.09 39.96 42.05 NOTE
r-release-linux-x86_64 0.4.0 1.59 41.52 43.11 NOTE
r-release-macos-arm64 0.4.0 1.00 33.00 34.00 NOTE
r-release-macos-x86_64 0.4.0 2.00 49.00 51.00 NOTE
r-release-windows-x86_64 0.4.0 3.00 51.00 54.00 NOTE
r-oldrel-macos-arm64 0.4.0 1.00 26.00 27.00 OK
r-oldrel-macos-x86_64 0.4.0 2.00 39.00 41.00 OK
r-oldrel-windows-x86_64 0.4.0 3.00 62.00 65.00 OK

Check Details

Version: 0.4.0
Check: DESCRIPTION meta-information
Result: NOTE Missing dependency on R >= 4.1.0 because package code uses the pipe |> or function shorthand \(...) syntax added in R 4.1.0. File(s) using such syntax: ‘p_sie.R’ ‘prp.R’ ‘siie.R’ Flavors: r-devel-linux-x86_64-debian-clang, r-devel-linux-x86_64-debian-gcc, r-devel-linux-x86_64-fedora-clang, r-devel-linux-x86_64-fedora-gcc, r-devel-windows-x86_64, r-patched-linux-x86_64, r-release-linux-x86_64, r-release-macos-arm64, r-release-macos-x86_64, r-release-windows-x86_64