Last updated on 2024-04-18 21:57:05 CEST.
Flavor | Version | Tinstall | Tcheck | Ttotal | Status | Flags |
---|---|---|---|---|---|---|
r-devel-linux-x86_64-debian-clang | 3.1.1 | 2.60 | 57.07 | 59.67 | NOTE | |
r-devel-linux-x86_64-debian-gcc | 3.1.1 | 1.95 | 42.57 | 44.52 | NOTE | |
r-devel-linux-x86_64-fedora-clang | 3.1.1 | 74.85 | NOTE | |||
r-devel-linux-x86_64-fedora-gcc | 3.1.1 | 108.75 | NOTE | |||
r-prerel-macos-arm64 | 3.1.1 | 37.00 | NOTE | |||
r-prerel-windows-x86_64 | 3.1.1 | 3.00 | 73.00 | 76.00 | NOTE | |
r-patched-linux-x86_64 | 3.1.1 | 2.46 | 54.16 | 56.62 | NOTE | |
r-release-linux-x86_64 | 3.1.1 | 3.33 | 52.65 | 55.98 | NOTE | |
r-release-macos-arm64 | 3.1.1 | 42.00 | NOTE | |||
r-release-macos-x86_64 | 3.1.1 | 66.00 | NOTE | |||
r-release-windows-x86_64 | 3.1.1 | 4.00 | 76.00 | 80.00 | NOTE | |
r-oldrel-macos-arm64 | 3.1.1 | 38.00 | OK | |||
r-oldrel-windows-x86_64 | 3.1.1 | 5.00 | 81.00 | 86.00 | OK |
Version: 3.1.1
Check: package subdirectories
Result: NOTE
Problems with news in ‘NEWS.md’:
No news entries found.
Flavors: r-devel-linux-x86_64-debian-clang, r-devel-linux-x86_64-debian-gcc, r-devel-linux-x86_64-fedora-clang, r-devel-linux-x86_64-fedora-gcc, r-prerel-macos-arm64, r-prerel-windows-x86_64, r-patched-linux-x86_64, r-release-linux-x86_64, r-release-macos-arm64, r-release-macos-x86_64, r-release-windows-x86_64