Last updated on 2025-05-03 21:51:32 CEST.
Flavor | Version | Tinstall | Tcheck | Ttotal | Status | Flags |
---|---|---|---|---|---|---|
r-devel-linux-x86_64-debian-clang | 2.3.1 | 36.46 | 224.61 | 261.07 | NOTE | |
r-devel-linux-x86_64-debian-gcc | 2.3.1 | 25.35 | 155.75 | 181.10 | NOTE | |
r-devel-linux-x86_64-fedora-clang | 2.3.1 | 443.11 | NOTE | |||
r-devel-linux-x86_64-fedora-gcc | 2.3.1 | 398.66 | NOTE | |||
r-devel-windows-x86_64 | 2.3.1 | 46.00 | 238.00 | 284.00 | NOTE | |
r-patched-linux-x86_64 | 2.3.1 | 33.22 | 208.66 | 241.88 | NOTE | |
r-release-linux-x86_64 | NOTE | |||||
r-release-macos-arm64 | 2.3.1 | 104.00 | NOTE | |||
r-release-macos-x86_64 | 2.3.1 | 189.00 | NOTE | |||
r-release-windows-x86_64 | 2.3.1 | 45.00 | 235.00 | 280.00 | NOTE | |
r-oldrel-macos-arm64 | 2.3.1 | 67.00 | NOTE | |||
r-oldrel-macos-x86_64 | 2.3.1 | 151.00 | NOTE | |||
r-oldrel-windows-x86_64 | 2.3.1 | 55.00 | 304.00 | 359.00 | NOTE |
Version: 2.3.1
Check: DESCRIPTION meta-information
Result: NOTE
Missing dependency on R >= 4.1.0 because package code uses the pipe
|> or function shorthand \(...) syntax added in R 4.1.0.
File(s) using such syntax:
‘show_group_enrichment.R’
Flavors: r-devel-linux-x86_64-debian-clang, r-devel-linux-x86_64-debian-gcc, r-devel-linux-x86_64-fedora-clang, r-devel-linux-x86_64-fedora-gcc, r-devel-windows-x86_64, r-patched-linux-x86_64, r-release-linux-x86_64, r-release-macos-arm64, r-release-macos-x86_64, r-release-windows-x86_64
Version: 2.3.1
Check: package dependencies
Result: NOTE
Package suggested but not available for checking: ‘BSgenome.Hsapiens.UCSC.hg19’
Flavors: r-oldrel-macos-arm64, r-oldrel-macos-x86_64
Version: 2.3.1
Check: installed package size
Result: NOTE
installed size is 6.0Mb
sub-directories of 1Mb or more:
extdata 1.0Mb
help 1.7Mb
Flavors: r-oldrel-macos-arm64, r-oldrel-macos-x86_64, r-oldrel-windows-x86_64