Last updated on 2024-05-01 20:52:02 CEST.
Flavor | Version | Tinstall | Tcheck | Ttotal | Status | Flags |
---|---|---|---|---|---|---|
r-devel-linux-x86_64-debian-clang | 0.2.4 | 3.42 | 113.78 | 117.20 | OK | |
r-devel-linux-x86_64-debian-gcc | 0.2.4 | 2.62 | 81.95 | 84.57 | OK | |
r-devel-linux-x86_64-fedora-clang | 0.2.4 | 146.45 | NOTE | |||
r-devel-linux-x86_64-fedora-gcc | 0.2.4 | 149.95 | NOTE | |||
r-devel-windows-x86_64 | 0.2.4 | 5.00 | 100.00 | 105.00 | OK | |
r-patched-linux-x86_64 | 0.2.4 | 3.53 | 106.32 | 109.85 | OK | |
r-release-linux-x86_64 | 0.2.4 | 3.98 | 108.27 | 112.25 | OK | |
r-release-macos-arm64 | 0.2.4 | 49.00 | OK | |||
r-release-windows-x86_64 | 0.2.4 | 5.00 | 100.00 | 105.00 | OK | |
r-oldrel-macos-arm64 | 0.2.4 | 51.00 | OK | |||
r-oldrel-macos-x86_64 | 0.2.4 | 77.00 | OK | |||
r-oldrel-windows-x86_64 | 0.2.4 | 6.00 | 116.00 | 122.00 | OK |
Version: 0.2.4
Check: dependencies in R code
Result: NOTE
Namespace in Imports field not imported from: ‘dplyr’
All declared Imports should be used.
Flavors: r-devel-linux-x86_64-fedora-clang, r-devel-linux-x86_64-fedora-gcc