Last updated on 2025-05-03 21:51:32 CEST.
Flavor | Version | Tinstall | Tcheck | Ttotal | Status | Flags |
---|---|---|---|---|---|---|
r-devel-linux-x86_64-debian-clang | 1.4.0 | 1.86 | 18.47 | 20.33 | NOTE | |
r-devel-linux-x86_64-debian-gcc | 1.4.0 | 1.47 | 14.86 | 16.33 | NOTE | |
r-devel-linux-x86_64-fedora-clang | 1.4.0 | 30.50 | OK | |||
r-devel-linux-x86_64-fedora-gcc | 1.4.0 | 28.48 | OK | |||
r-devel-windows-x86_64 | 1.4.0 | 3.00 | 47.00 | 50.00 | OK | |
r-patched-linux-x86_64 | 1.4.0 | 1.85 | 16.77 | 18.62 | OK | |
r-release-linux-x86_64 | OK | |||||
r-release-macos-arm64 | 1.4.0 | 15.00 | OK | |||
r-release-macos-x86_64 | 1.4.0 | 22.00 | OK | |||
r-release-windows-x86_64 | 1.4.0 | 3.00 | 41.00 | 44.00 | OK | |
r-oldrel-macos-arm64 | 1.4.0 | 15.00 | NOTE | |||
r-oldrel-macos-x86_64 | 1.4.0 | 20.00 | NOTE | |||
r-oldrel-windows-x86_64 | 1.4.0 | 2.00 | 41.00 | 43.00 | NOTE |
Version: 1.4.0
Check: CRAN incoming feasibility
Result: NOTE
Maintainer: ‘José Carlos Del Valle <jcval94@gmail.com>’
No Authors@R field in DESCRIPTION.
Please add one, modifying
Authors@R: person(given = c("José", "Carlos", "Del"),
family = "Valle",
role = c("aut", "cre"),
email = "jcval94@gmail.com")
as necessary.
Flavors: r-devel-linux-x86_64-debian-clang, r-devel-linux-x86_64-debian-gcc
Version: 1.4.0
Check: LazyData
Result: NOTE
'LazyData' is specified without a 'data' directory
Flavors: r-oldrel-macos-arm64, r-oldrel-macos-x86_64, r-oldrel-windows-x86_64