Last updated on 2023-06-05 21:59:19 CEST.
Flavor | Version | Tinstall | Tcheck | Ttotal | Status | Flags |
---|---|---|---|---|---|---|
r-devel-linux-x86_64-debian-clang | 0.1.0 | 18.03 | 141.76 | 159.79 | NOTE | |
r-devel-linux-x86_64-debian-gcc | 0.1.0 | 14.60 | 106.20 | 120.80 | NOTE | |
r-devel-linux-x86_64-fedora-clang | 0.1.0 | 203.14 | NOTE | |||
r-devel-linux-x86_64-fedora-gcc | 0.1.0 | 189.42 | NOTE | |||
r-devel-windows-x86_64 | 0.1.0 | 17.00 | 110.00 | 127.00 | NOTE | |
r-patched-linux-x86_64 | 0.1.0 | 14.19 | 134.55 | 148.74 | NOTE | |
r-release-linux-x86_64 | 0.1.0 | 12.51 | 132.22 | 144.73 | NOTE | |
r-release-macos-arm64 | 0.1.0 | 59.00 | NOTE | |||
r-release-macos-x86_64 | 0.1.0 | 95.00 | NOTE | |||
r-release-windows-x86_64 | 0.1.0 | 22.00 | 135.00 | 157.00 | NOTE | |
r-oldrel-macos-arm64 | 0.1.0 | 53.00 | NOTE | |||
r-oldrel-macos-x86_64 | 0.1.0 | 93.00 | NOTE | |||
r-oldrel-windows-x86_64 | 0.1.0 | 21.00 | 152.00 | 173.00 | NOTE |
Version: 0.1.0
Check: LazyData
Result: NOTE
'LazyData' is specified without a 'data' directory
Flavors: r-devel-linux-x86_64-debian-clang, r-devel-linux-x86_64-debian-gcc, r-devel-linux-x86_64-fedora-clang, r-devel-linux-x86_64-fedora-gcc, r-devel-windows-x86_64, r-patched-linux-x86_64, r-release-linux-x86_64, r-release-macos-arm64, r-release-macos-x86_64, r-release-windows-x86_64, r-oldrel-macos-arm64, r-oldrel-macos-x86_64, r-oldrel-windows-x86_64