Last updated on 2024-07-17 20:57:11 CEST.
Flavor | Version | Tinstall | Tcheck | Ttotal | Status | Flags |
---|---|---|---|---|---|---|
r-devel-linux-x86_64-debian-clang | 1.1.0 | 10.96 | 56.87 | 67.83 | OK | |
r-devel-linux-x86_64-debian-gcc | 1.1.0 | 6.29 | 42.42 | 48.71 | OK | |
r-devel-linux-x86_64-fedora-clang | 1.1.0 | 83.41 | NOTE | |||
r-devel-linux-x86_64-fedora-gcc | 1.1.0 | 76.47 | NOTE | |||
r-devel-windows-x86_64 | 1.1.0 | 9.00 | 63.00 | 72.00 | OK | |
r-patched-linux-x86_64 | 1.1.0 | 6.75 | 55.00 | 61.75 | OK | |
r-release-linux-x86_64 | 1.1.0 | 8.17 | 55.18 | 63.35 | OK | |
r-release-macos-arm64 | 1.1.0 | 27.00 | OK | |||
r-release-macos-x86_64 | 1.1.0 | 41.00 | OK | |||
r-release-windows-x86_64 | 1.1.0 | 10.00 | 63.00 | 73.00 | OK | |
r-oldrel-macos-arm64 | 1.1.0 | 27.00 | OK | |||
r-oldrel-macos-x86_64 | 1.1.0 | 40.00 | OK | |||
r-oldrel-windows-x86_64 | 1.1.0 | 11.00 | 66.00 | 77.00 | OK |
Version: 1.1.0
Check: dependencies in R code
Result: NOTE
Namespaces in Imports field not imported from:
‘R6’ ‘scales’ ‘websocket’
All declared Imports should be used.
Flavors: r-devel-linux-x86_64-fedora-clang, r-devel-linux-x86_64-fedora-gcc