Last updated on 2024-04-18 21:57:05 CEST.
Flavor | Version | Tinstall | Tcheck | Ttotal | Status | Flags |
---|---|---|---|---|---|---|
r-devel-linux-x86_64-debian-clang | 1.1.0 | 9.30 | 57.05 | 66.35 | OK | |
r-devel-linux-x86_64-debian-gcc | 1.1.0 | 7.00 | 42.57 | 49.57 | OK | |
r-devel-linux-x86_64-fedora-clang | 1.1.0 | 83.51 | NOTE | |||
r-devel-linux-x86_64-fedora-gcc | 1.1.0 | 77.43 | NOTE | |||
r-prerel-macos-arm64 | 1.1.0 | 27.00 | OK | |||
r-prerel-windows-x86_64 | 1.1.0 | 13.00 | 62.00 | 75.00 | OK | |
r-patched-linux-x86_64 | 1.1.0 | 9.11 | 55.63 | 64.74 | OK | |
r-release-linux-x86_64 | 1.1.0 | 8.81 | 52.81 | 61.62 | OK | |
r-release-macos-arm64 | 1.1.0 | 27.00 | OK | |||
r-release-macos-x86_64 | 1.1.0 | 40.00 | OK | |||
r-release-windows-x86_64 | 1.1.0 | 11.00 | 68.00 | 79.00 | OK | |
r-oldrel-macos-arm64 | 1.1.0 | 25.00 | NOTE | |||
r-oldrel-windows-x86_64 | 1.1.0 | 12.00 | 72.00 | 84.00 | OK |
Version: 1.1.0
Check: dependencies in R code
Result: NOTE
Namespaces in Imports field not imported from:
‘R6’ ‘scales’ ‘websocket’
All declared Imports should be used.
Flavors: r-devel-linux-x86_64-fedora-clang, r-devel-linux-x86_64-fedora-gcc, r-oldrel-macos-arm64