CRAN Package Check Results for Package shinyhelper

Last updated on 2024-03-03 19:56:35 CET.

Flavor Version Tinstall Tcheck Ttotal Status Flags
r-devel-linux-x86_64-debian-clang 0.3.2 2.02 22.04 24.06 OK
r-devel-linux-x86_64-debian-gcc 0.3.2 1.79 17.08 18.87 OK
r-devel-linux-x86_64-fedora-clang 0.3.2 31.22 NOTE
r-devel-linux-x86_64-fedora-gcc 0.3.2 31.68 NOTE
r-devel-windows-x86_64 0.3.2 3.00 39.00 42.00 OK
r-patched-linux-x86_64 0.3.2 2.27 21.53 23.80 OK
r-release-linux-x86_64 0.3.2 2.28 21.68 23.96 OK
r-release-macos-arm64 0.3.2 19.00 OK
r-release-macos-x86_64 0.3.2 20.00 OK
r-release-windows-x86_64 0.3.2 3.00 36.00 39.00 OK
r-oldrel-macos-arm64 0.3.2 14.00 NOTE
r-oldrel-windows-x86_64 0.3.2 4.00 43.00 47.00 OK

Check Details

Version: 0.3.2
Check: dependencies in R code
Result: NOTE Namespace in Imports field not imported from: ‘markdown’ All declared Imports should be used. Flavors: r-devel-linux-x86_64-fedora-clang, r-devel-linux-x86_64-fedora-gcc, r-oldrel-macos-arm64