CRAN Package Check Results for Package shinyalert

Last updated on 2022-12-02 20:53:26 CET.

Flavor Version Tinstall Tcheck Ttotal Status Flags
r-devel-linux-x86_64-debian-clang 3.0.0 2.03 23.57 25.60 OK
r-devel-linux-x86_64-debian-gcc 3.0.0 1.77 18.08 19.85 OK
r-devel-linux-x86_64-fedora-clang 3.0.0 42.44 NOTE
r-devel-linux-x86_64-fedora-gcc 3.0.0 40.42 NOTE
r-devel-windows-x86_64 3.0.0 17.00 51.00 68.00 OK
r-patched-linux-x86_64 3.0.0 2.48 22.51 24.99 OK
r-release-linux-x86_64 3.0.0 1.66 22.37 24.03 OK
r-release-macos-arm64 3.0.0 16.00 NOTE
r-release-macos-x86_64 3.0.0 26.00 NOTE
r-release-windows-x86_64 3.0.0 28.00 57.00 85.00 OK
r-oldrel-macos-arm64 3.0.0 17.00 NOTE
r-oldrel-macos-x86_64 3.0.0 21.00 NOTE
r-oldrel-windows-ix86+x86_64 3.0.0 6.00 45.00 51.00 OK

Check Details

Version: 3.0.0
Check: dependencies in R code
Result: NOTE
    Namespace in Imports field not imported from: ‘stats’
     All declared Imports should be used.
Flavors: r-devel-linux-x86_64-fedora-clang, r-devel-linux-x86_64-fedora-gcc, r-release-macos-arm64, r-release-macos-x86_64, r-oldrel-macos-arm64, r-oldrel-macos-x86_64