Last updated on 2024-04-17 20:57:49 CEST.
Flavor | Version | Tinstall | Tcheck | Ttotal | Status | Flags |
---|---|---|---|---|---|---|
r-devel-linux-x86_64-debian-clang | 0.8.6 | 10.25 | 65.56 | 75.81 | OK | |
r-devel-linux-x86_64-debian-gcc | 0.8.6 | 7.76 | 48.08 | 55.84 | OK | |
r-devel-linux-x86_64-fedora-clang | 0.8.6 | 96.17 | NOTE | |||
r-devel-linux-x86_64-fedora-gcc | 0.8.6 | 91.76 | NOTE | |||
r-prerel-macos-arm64 | 0.8.6 | 28.00 | OK | |||
r-prerel-windows-x86_64 | 0.8.6 | 10.00 | 65.00 | 75.00 | OK | |
r-patched-linux-x86_64 | 0.8.6 | 9.27 | 62.43 | 71.70 | OK | |
r-release-linux-x86_64 | 0.8.6 | 9.42 | 61.63 | 71.05 | OK | |
r-release-macos-arm64 | 0.8.6 | 29.00 | OK | |||
r-release-macos-x86_64 | 0.8.6 | 54.00 | OK | |||
r-release-windows-x86_64 | 0.8.6 | 15.00 | 75.00 | 90.00 | OK | |
r-oldrel-macos-arm64 | 0.8.6 | 31.00 | NOTE | |||
r-oldrel-windows-x86_64 | 0.8.6 | 14.00 | 81.00 | 95.00 | OK |
Version: 0.8.6
Check: data for non-ASCII characters
Result: NOTE
Note: found 2 marked UTF-8 strings
Flavors: r-devel-linux-x86_64-fedora-clang, r-devel-linux-x86_64-fedora-gcc, r-oldrel-macos-arm64