Last updated on 2024-04-24 20:54:23 CEST.
Flavor | Version | Tinstall | Tcheck | Ttotal | Status | Flags |
---|---|---|---|---|---|---|
r-devel-linux-x86_64-debian-clang | 0.2.0 | 3.68 | 35.09 | 38.77 | NOTE | |
r-devel-linux-x86_64-debian-gcc | 0.2.0 | 3.71 | 27.13 | 30.84 | NOTE | |
r-devel-linux-x86_64-fedora-clang | 0.2.0 | 53.61 | NOTE | |||
r-devel-linux-x86_64-fedora-gcc | 0.2.0 | 50.44 | NOTE | |||
r-devel-windows-x86_64 | 0.2.0 | 9.00 | 48.00 | 57.00 | OK | |
r-patched-linux-x86_64 | 0.2.0 | 4.66 | 35.04 | 39.70 | NOTE | |
r-release-linux-x86_64 | 0.2.0 | 4.80 | 35.02 | 39.82 | NOTE | |
r-release-macos-arm64 | 0.2.0 | 23.00 | OK | |||
r-release-windows-x86_64 | 0.2.0 | 9.00 | 47.00 | 56.00 | OK | |
r-oldrel-macos-arm64 | 0.2.0 | 20.00 | OK | |||
r-oldrel-macos-x86_64 | 0.2.0 | 32.00 | OK | |||
r-oldrel-windows-x86_64 | 0.2.0 | 12.00 | 49.00 | 61.00 | OK |
Version: 0.2.0
Check: package dependencies
Result: NOTE
Package suggested but not available for checking: ‘uchardet’
Flavors: r-devel-linux-x86_64-debian-clang, r-devel-linux-x86_64-debian-gcc, r-devel-linux-x86_64-fedora-clang, r-devel-linux-x86_64-fedora-gcc, r-patched-linux-x86_64, r-release-linux-x86_64