Last updated on 2025-11-03 21:50:37 CET.
| Flavor | Version | Tinstall | Tcheck | Ttotal | Status | Flags | 
|---|---|---|---|---|---|---|
| r-devel-linux-x86_64-debian-clang | 1.0.1 | 17.54 | 103.89 | 121.43 | NOTE | |
| r-devel-linux-x86_64-debian-gcc | 1.0.1 | 11.40 | 76.52 | 87.92 | NOTE | |
| r-devel-linux-x86_64-fedora-clang | 1.0.1 | 34.00 | 154.38 | 188.38 | OK | |
| r-devel-linux-x86_64-fedora-gcc | 1.0.1 | 31.00 | 144.31 | 175.31 | OK | |
| r-devel-windows-x86_64 | 1.0.1 | 17.00 | 107.00 | 124.00 | OK | |
| r-patched-linux-x86_64 | 1.0.1 | 15.57 | 97.54 | 113.11 | OK | |
| r-release-linux-x86_64 | 1.0.1 | 15.23 | 97.62 | 112.85 | OK | |
| r-release-macos-arm64 | 1.0.1 | 7.00 | 45.00 | 52.00 | OK | |
| r-release-macos-x86_64 | 1.0.1 | 12.00 | 69.00 | 81.00 | OK | |
| r-release-windows-x86_64 | 1.0.1 | 17.00 | 98.00 | 115.00 | OK | |
| r-oldrel-macos-arm64 | 1.0.1 | 6.00 | 37.00 | 43.00 | NOTE | |
| r-oldrel-macos-x86_64 | 1.0.1 | 10.00 | 58.00 | 68.00 | NOTE | |
| r-oldrel-windows-x86_64 | 1.0.1 | 22.00 | 126.00 | 148.00 | NOTE | 
Version: 1.0.1
Check: CRAN incoming feasibility
Result: NOTE
  Maintainer: ‘Jean Bertin <jean.bertin@mines-paris.org>’
  
  No Authors@R field in DESCRIPTION.
  Please add one, modifying
    Authors@R: person(given = "Jean",
                      family = "Bertin",
                      role = c("aut", "cre"),
                      email = "jean.bertin@mines-paris.org")
  as necessary.
Flavors: r-devel-linux-x86_64-debian-clang, r-devel-linux-x86_64-debian-gcc
Version: 1.0.1
Check: LazyData
Result: NOTE
    'LazyData' is specified without a 'data' directory
Flavors: r-oldrel-macos-arm64, r-oldrel-macos-x86_64, r-oldrel-windows-x86_64