Last updated on 2025-11-23 20:49:02 CET.
| Flavor | Version | Tinstall | Tcheck | Ttotal | Status | Flags |
|---|---|---|---|---|---|---|
| r-devel-linux-x86_64-debian-clang | 0.1 | 12.43 | 91.63 | 104.06 | NOTE | |
| r-devel-linux-x86_64-debian-gcc | 0.1 | 7.82 | 68.00 | 75.82 | NOTE | |
| r-devel-linux-x86_64-fedora-clang | 0.1 | 24.00 | 137.76 | 161.76 | OK | |
| r-devel-linux-x86_64-fedora-gcc | 0.1 | 29.00 | 124.56 | 153.56 | OK | |
| r-devel-windows-x86_64 | 0.1 | 16.00 | 95.00 | 111.00 | OK | |
| r-patched-linux-x86_64 | 0.1 | 12.30 | 87.52 | 99.82 | OK | |
| r-release-linux-x86_64 | 0.1 | 10.55 | 87.67 | 98.22 | OK | |
| r-release-macos-arm64 | 0.1 | OK | ||||
| r-release-macos-x86_64 | 0.1 | 10.00 | 73.00 | 83.00 | OK | |
| r-release-windows-x86_64 | 0.1 | 13.00 | 99.00 | 112.00 | OK | |
| r-oldrel-macos-arm64 | 0.1 | NOTE | ||||
| r-oldrel-macos-x86_64 | 0.1 | 8.00 | 56.00 | 64.00 | NOTE | |
| r-oldrel-windows-x86_64 | 0.1 | 17.00 | 121.00 | 138.00 | NOTE |
Version: 0.1
Check: CRAN incoming feasibility
Result: NOTE
Maintainer: ‘Huseyin Yildiz <huseyinyildiz35@gmail.com>’
No Authors@R field in DESCRIPTION.
Please add one, modifying
Authors@R: person(given = "Huseyin",
family = "Yildiz",
role = c("aut", "cre"),
email = "huseyinyildiz35@gmail.com")
as necessary.
Flavors: r-devel-linux-x86_64-debian-clang, r-devel-linux-x86_64-debian-gcc
Version: 0.1
Check: LazyData
Result: NOTE
'LazyData' is specified without a 'data' directory
Flavors: r-oldrel-macos-arm64, r-oldrel-macos-x86_64, r-oldrel-windows-x86_64