Last updated on 2024-07-17 20:57:11 CEST.
Flavor | Version | Tinstall | Tcheck | Ttotal | Status | Flags |
---|---|---|---|---|---|---|
r-devel-linux-x86_64-debian-clang | 1.1.1 | 8.90 | 53.96 | 62.86 | OK | |
r-devel-linux-x86_64-debian-gcc | 1.1.1 | 6.57 | 41.30 | 47.87 | OK | |
r-devel-linux-x86_64-fedora-clang | 1.1.1 | 80.86 | NOTE | |||
r-devel-linux-x86_64-fedora-gcc | 1.1.1 | 70.68 | OK | |||
r-devel-windows-x86_64 | 1.1.1 | 13.00 | 67.00 | 80.00 | NOTE | |
r-patched-linux-x86_64 | 1.1.1 | 9.08 | 52.95 | 62.03 | OK | |
r-release-linux-x86_64 | 1.1.1 | 7.68 | 52.63 | 60.31 | OK | |
r-release-macos-arm64 | 1.1.1 | 26.00 | NOTE | |||
r-release-macos-x86_64 | 1.1.1 | 38.00 | NOTE | |||
r-release-windows-x86_64 | 1.1.1 | 12.00 | 69.00 | 81.00 | NOTE | |
r-oldrel-macos-arm64 | 1.1.1 | 27.00 | NOTE | |||
r-oldrel-macos-x86_64 | 1.1.1 | 41.00 | NOTE | |||
r-oldrel-windows-x86_64 | 1.1.1 | 14.00 | 75.00 | 89.00 | NOTE |
Version: 1.1.1
Check: installed package size
Result: NOTE
installed size is 20.6Mb
sub-directories of 1Mb or more:
www 19.7Mb
Flavors: r-devel-linux-x86_64-fedora-clang, r-devel-windows-x86_64, r-release-macos-arm64, r-release-macos-x86_64, r-release-windows-x86_64, r-oldrel-macos-arm64, r-oldrel-macos-x86_64, r-oldrel-windows-x86_64