Last updated on 2024-07-17 20:57:11 CEST.
Flavor | Version | Tinstall | Tcheck | Ttotal | Status | Flags |
---|---|---|---|---|---|---|
r-devel-linux-x86_64-debian-clang | 0.2.0 | 16.86 | 62.59 | 79.45 | OK | |
r-devel-linux-x86_64-debian-gcc | 0.2.0 | 9.52 | 46.39 | 55.91 | OK | |
r-devel-linux-x86_64-fedora-clang | 0.3.0 | 120.12 | OK | |||
r-devel-linux-x86_64-fedora-gcc | 0.3.0 | 126.31 | OK | |||
r-devel-windows-x86_64 | 0.2.0 | 13.00 | 72.00 | 85.00 | OK | |
r-patched-linux-x86_64 | 0.2.0 | 12.84 | 57.74 | 70.58 | OK | |
r-release-linux-x86_64 | 0.2.0 | 8.10 | 59.79 | 67.89 | OK | |
r-release-macos-arm64 | 0.2.0 | 30.00 | OK | |||
r-release-macos-x86_64 | 0.2.0 | 47.00 | ERROR | |||
r-release-windows-x86_64 | 0.2.0 | 12.00 | 74.00 | 86.00 | OK | |
r-oldrel-macos-arm64 | 0.2.0 | 34.00 | OK | |||
r-oldrel-macos-x86_64 | 0.3.0 | 94.00 | OK | |||
r-oldrel-windows-x86_64 | 0.2.0 | 15.00 | 80.00 | 95.00 | OK |
Version: 0.2.0
Check: tests
Result: ERROR
Running ‘testthat.R’ [4s/5s]
Running the tests in ‘tests/testthat.R’ failed.
Last 13 lines of output:
3. └─testthat::expect_equal(., 2)
── Failure ('test-data_storage-sqlite.R:3:1'): SQLite Can write to database via DataStorage ──
`.` (`actual`) not equal to 2 (`expected`).
`actual`: 6
`expected`: 2
Backtrace:
▆
1. ├─shiny.telemetry:::test_common_data_storage(data_storage, dashboard_name) at tests/testthat/helper-data_storage.R:18:7
2. │ └─... %>% expect_equal(2) at tests/testthat/helper-data_storage.R:154:3
3. └─testthat::expect_equal(., 2)
[ FAIL 2 | WARN 0 | SKIP 16 | PASS 85 ]
Error: Test failures
Execution halted
Flavor: r-release-macos-x86_64