Last updated on 2025-11-02 23:49:52 CET.
| Flavor | Version | Tinstall | Tcheck | Ttotal | Status | Flags |
|---|---|---|---|---|---|---|
| r-devel-linux-x86_64-debian-clang | 0.2.1 | 4.20 | 38.23 | 42.43 | NOTE | |
| r-devel-linux-x86_64-debian-gcc | 0.2.1 | 3.52 | 29.51 | 33.03 | NOTE | |
| r-devel-linux-x86_64-fedora-clang | 0.2.1 | 23.00 | 47.37 | 70.37 | NOTE | |
| r-devel-linux-x86_64-fedora-gcc | 0.2.1 | 33.00 | 35.67 | 68.67 | NOTE | |
| r-devel-windows-x86_64 | 0.2.1 | 6.00 | 54.00 | 60.00 | NOTE | |
| r-patched-linux-x86_64 | 0.2.1 | 3.92 | 36.37 | 40.29 | NOTE | |
| r-release-linux-x86_64 | 0.2.1 | 4.65 | 36.38 | 41.03 | NOTE | |
| r-release-macos-arm64 | 0.2.1 | 3.00 | 23.00 | 26.00 | NOTE | |
| r-release-macos-x86_64 | 0.2.1 | 3.00 | 32.00 | 35.00 | NOTE | |
| r-release-windows-x86_64 | 0.2.1 | 8.00 | 53.00 | 61.00 | NOTE | |
| r-oldrel-macos-arm64 | 0.2.1 | 2.00 | 21.00 | 23.00 | NOTE | |
| r-oldrel-macos-x86_64 | 0.2.1 | 3.00 | 29.00 | 32.00 | NOTE | |
| r-oldrel-windows-x86_64 | 0.2.1 | 9.00 | 67.00 | 76.00 | NOTE |
Version: 0.2.1
Check: package subdirectories
Result: NOTE
Problems with news in ‘NEWS.md’:
No news entries found.
Flavors: r-devel-linux-x86_64-debian-clang, r-devel-linux-x86_64-debian-gcc, r-devel-linux-x86_64-fedora-clang, r-devel-linux-x86_64-fedora-gcc, r-devel-windows-x86_64, r-patched-linux-x86_64, r-release-linux-x86_64, r-release-macos-arm64, r-release-macos-x86_64, r-release-windows-x86_64, r-oldrel-macos-arm64, r-oldrel-macos-x86_64, r-oldrel-windows-x86_64