Last updated on 2025-11-03 21:50:37 CET.
| Flavor | Version | Tinstall | Tcheck | Ttotal | Status | Flags | 
|---|---|---|---|---|---|---|
| r-devel-linux-x86_64-debian-clang | 1.11.1 | 34.89 | 158.98 | 193.87 | OK | |
| r-devel-linux-x86_64-debian-gcc | 1.11.1 | 20.47 | 107.83 | 128.30 | OK | |
| r-devel-linux-x86_64-fedora-clang | 1.11.1 | 161.00 | 148.03 | 309.03 | OK | |
| r-devel-linux-x86_64-fedora-gcc | 1.11.1 | 73.00 | 200.20 | 273.20 | OK | |
| r-devel-windows-x86_64 | 1.11.1 | 42.00 | 190.00 | 232.00 | OK | |
| r-patched-linux-x86_64 | 1.11.1 | 39.98 | 146.60 | 186.58 | OK | |
| r-release-linux-x86_64 | 1.11.1 | 32.83 | 146.31 | 179.14 | OK | |
| r-release-macos-arm64 | 1.11.1 | 12.00 | 60.00 | 72.00 | OK | |
| r-release-macos-x86_64 | 1.11.1 | 34.00 | 144.00 | 178.00 | OK | |
| r-release-windows-x86_64 | 1.11.1 | 39.00 | 191.00 | 230.00 | OK | |
| r-oldrel-macos-arm64 | 1.11.1 | 16.00 | 63.00 | 79.00 | NOTE | |
| r-oldrel-macos-x86_64 | 1.11.1 | 29.00 | 143.00 | 172.00 | NOTE | |
| r-oldrel-windows-x86_64 | 1.11.1 | 49.00 | 238.00 | 287.00 | NOTE | 
Version: 1.11.1
Check: installed package size
Result: NOTE
    installed size is 10.5Mb
    sub-directories of 1Mb or more:
      R     2.0Mb
      www   6.7Mb
Flavors: r-oldrel-macos-arm64, r-oldrel-macos-x86_64, r-oldrel-windows-x86_64